Last updated on 2025-10-31 01:48:51 CET.
| Flavor | Version | Tinstall | Tcheck | Ttotal | Status | Flags | 
|---|---|---|---|---|---|---|
| r-devel-linux-x86_64-debian-clang | 0.1.19 | 39.05 | 70.10 | 109.15 | NOTE | |
| r-devel-linux-x86_64-debian-gcc | 0.1.19 | 23.45 | 52.61 | 76.06 | NOTE | |
| r-devel-linux-x86_64-fedora-clang | 0.1.19 | 175.00 | 23.17 | 198.17 | NOTE | |
| r-devel-linux-x86_64-fedora-gcc | 0.1.19 | 59.00 | 105.94 | 164.94 | NOTE | |
| r-devel-windows-x86_64 | 0.1.19 | 44.00 | 92.00 | 136.00 | OK | |
| r-patched-linux-x86_64 | 0.1.19 | 34.80 | 66.30 | 101.10 | OK | |
| r-release-linux-x86_64 | 0.1.19 | 34.18 | 66.74 | 100.92 | OK | |
| r-release-macos-arm64 | 0.1.19 | 17.00 | 38.00 | 55.00 | OK | |
| r-release-macos-x86_64 | 0.1.19 | 25.00 | 83.00 | 108.00 | OK | |
| r-release-windows-x86_64 | 0.1.19 | 47.00 | 96.00 | 143.00 | OK | |
| r-oldrel-macos-arm64 | 0.1.19 | 18.00 | 32.00 | 50.00 | NOTE | |
| r-oldrel-macos-x86_64 | 0.1.19 | 30.00 | 60.00 | 90.00 | NOTE | |
| r-oldrel-windows-x86_64 | 0.1.19 | 53.00 | 122.00 | 175.00 | NOTE | 
Version: 0.1.19
Check: CRAN incoming feasibility
Result: NOTE
  Maintainer: ‘Jaejoon Song <jaejoonsong@gmail.com>’
  
  No Authors@R field in DESCRIPTION.
  Please add one, modifying
    Authors@R: c(person(given = "Jaejoon",
                        family = "Song",
                        role = c("aut", "cre"),
                        email = "jaejoonsong@gmail.com"),
                 person(given = "Satoshi",
                        family = "Morita",
                        role = "aut"),
                 person(given = c("J.", "Jack"),
                        family = "Lee",
                        role = "aut"))
  as necessary.
Flavors: r-devel-linux-x86_64-debian-clang, r-devel-linux-x86_64-debian-gcc
Version: 0.1.19
Check: dependencies in R code
Result: NOTE
  Namespaces in Imports field not imported from:
    ‘MASS’ ‘MatrixModels’
    All declared Imports should be used.
Flavors: r-devel-linux-x86_64-fedora-clang, r-devel-linux-x86_64-fedora-gcc
Version: 0.1.19
Check: LazyData
Result: NOTE
    'LazyData' is specified without a 'data' directory
Flavors: r-oldrel-macos-arm64, r-oldrel-macos-x86_64, r-oldrel-windows-x86_64