CRAN Package Check Results for Package BioProbability

Last updated on 2025-07-13 02:48:31 CEST.

Flavor Version Tinstall Tcheck Ttotal Status Flags
r-devel-linux-x86_64-debian-clang 1.0 1.64 17.80 19.44 NOTE
r-devel-linux-x86_64-debian-gcc 1.0 1.37 14.74 16.11 NOTE
r-devel-linux-x86_64-fedora-clang 1.0 30.32 OK
r-devel-linux-x86_64-fedora-gcc 1.0 28.57 OK
r-devel-windows-x86_64 1.0 5.00 36.00 41.00 OK
r-patched-linux-x86_64 1.0 1.89 16.54 18.43 OK
r-release-linux-x86_64 1.0 1.62 16.76 18.38 OK
r-release-macos-arm64 1.0 14.00 OK
r-release-macos-x86_64 1.0 33.00 OK
r-release-windows-x86_64 1.0 4.00 35.00 39.00 OK
r-oldrel-macos-arm64 1.0 18.00 OK
r-oldrel-macos-x86_64 1.0 26.00 OK
r-oldrel-windows-x86_64 1.0 3.00 35.00 38.00 OK

Check Details

Version: 1.0
Check: CRAN incoming feasibility
Result: NOTE Maintainer: ‘Paula Saavedra-Nieves <paula.saavedra@usc.es>’ No Authors@R field in DESCRIPTION. Please add one, modifying Authors@R: c(person(given = "Alejandro", family = "Saavedra-Nieves", role = "aut"), person(given = "Paula", family = "Saavedra-Nieves", role = c("aut", "cre"), email = "paula.saavedra@usc.es")) as necessary. Flavors: r-devel-linux-x86_64-debian-clang, r-devel-linux-x86_64-debian-gcc