Last updated on 2025-11-15 03:50:03 CET.
| Flavor | Version | Tinstall | Tcheck | Ttotal | Status | Flags |
|---|---|---|---|---|---|---|
| r-devel-linux-x86_64-debian-clang | 1.0.0 | 4.93 | 46.03 | 50.96 | NOTE | |
| r-devel-linux-x86_64-debian-gcc | 1.0.0 | 3.12 | 36.48 | 39.60 | NOTE | |
| r-devel-linux-x86_64-fedora-clang | 1.0.0 | 12.00 | 64.18 | 76.18 | OK | |
| r-devel-linux-x86_64-fedora-gcc | 1.0.0 | 11.00 | 76.06 | 87.06 | OK | |
| r-devel-windows-x86_64 | 1.0.0 | 7.00 | 81.00 | 88.00 | OK | |
| r-patched-linux-x86_64 | 1.0.0 | 4.35 | 44.04 | 48.39 | OK | |
| r-release-linux-x86_64 | 1.0.0 | 3.89 | 44.59 | 48.48 | OK | |
| r-release-macos-arm64 | 1.0.0 | 3.00 | 44.00 | 47.00 | OK | |
| r-release-macos-x86_64 | 1.0.0 | 5.00 | 65.00 | 70.00 | OK | |
| r-release-windows-x86_64 | 1.0.0 | 6.00 | 76.00 | 82.00 | OK | |
| r-oldrel-macos-arm64 | 1.0.0 | 2.00 | 33.00 | 35.00 | OK | |
| r-oldrel-macos-x86_64 | 1.0.0 | 4.00 | 51.00 | 55.00 | OK | |
| r-oldrel-windows-x86_64 | 1.0.0 | 7.00 | 89.00 | 96.00 | OK |
Version: 1.0.0
Check: CRAN incoming feasibility
Result: NOTE
Maintainer: ‘Levi McClenny <levimcclenny@tamu.edu>’
No Authors@R field in DESCRIPTION.
Please add one, modifying
Authors@R: c(person(given = "Levi",
family = "McClenny",
role = c("aut", "cre"),
email = "levimcclenny@tamu.edu"),
person(given = "Mahdi",
family = "Imani",
role = "aut"),
person(given = "Ulisses",
family = "Braga-Neto",
role = "aut"))
as necessary.
Flavors: r-devel-linux-x86_64-debian-clang, r-devel-linux-x86_64-debian-gcc