Last updated on 2025-10-31 01:48:52 CET.
| Flavor | Version | Tinstall | Tcheck | Ttotal | Status | Flags | 
|---|---|---|---|---|---|---|
| r-devel-linux-x86_64-debian-clang | 0.1.5 | 35.23 | 27.33 | 62.56 | NOTE | |
| r-devel-linux-x86_64-debian-gcc | 0.1.5 | 19.58 | 22.09 | 41.67 | NOTE | |
| r-devel-linux-x86_64-fedora-clang | 0.1.5 | 82.00 | 35.38 | 117.38 | OK | |
| r-devel-linux-x86_64-fedora-gcc | 0.1.5 | 61.00 | 37.36 | 98.36 | OK | |
| r-devel-windows-x86_64 | 0.1.5 | 43.00 | 60.00 | 103.00 | OK | |
| r-patched-linux-x86_64 | 0.1.5 | 32.98 | 25.69 | 58.67 | OK | |
| r-release-linux-x86_64 | 0.1.5 | 33.65 | 25.88 | 59.53 | OK | |
| r-release-macos-arm64 | 0.1.5 | 12.00 | 20.00 | 32.00 | OK | |
| r-release-macos-x86_64 | 0.1.5 | 15.00 | 36.00 | 51.00 | OK | |
| r-release-windows-x86_64 | 0.1.5 | 41.00 | 60.00 | 101.00 | OK | |
| r-oldrel-macos-arm64 | 0.1.5 | 9.00 | 21.00 | 30.00 | OK | |
| r-oldrel-macos-x86_64 | 0.1.5 | 18.00 | 38.00 | 56.00 | OK | |
| r-oldrel-windows-x86_64 | 0.1.5 | 51.00 | 71.00 | 122.00 | OK | 
Version: 0.1.5
Check: CRAN incoming feasibility
Result: NOTE
  Maintainer: ‘Raphaël Clifford <clifford@cs.bris.ac.uk>’
  
  The Description field contains
    (2017) <arXiv:1706.01260>. Also provides functions for generating
  Please refer to arXiv e-prints via their arXiv DOI <doi:10.48550/arXiv.YYMM.NNNNN>.
Flavors: r-devel-linux-x86_64-debian-clang, r-devel-linux-x86_64-debian-gcc