Last updated on 2024-05-03 01:51:16 CEST.
Flavor | Version | Tinstall | Tcheck | Ttotal | Status | Flags |
---|---|---|---|---|---|---|
r-devel-linux-x86_64-debian-clang | 1.0-12 | 183.28 | 378.65 | 561.93 | NOTE | |
r-devel-linux-x86_64-debian-gcc | 1.0-12 | 146.49 | 269.55 | 416.04 | NOTE | |
r-devel-linux-x86_64-fedora-clang | 1.0-12 | 751.54 | NOTE | |||
r-devel-linux-x86_64-fedora-gcc | 1.0-12 | 735.42 | NOTE | |||
r-devel-windows-x86_64 | 1.0-12 | 148.00 | 336.00 | 484.00 | NOTE | |
r-patched-linux-x86_64 | 1.0-12 | 188.18 | 364.15 | 552.33 | NOTE | |
r-release-linux-x86_64 | 1.0-12 | 186.47 | 357.70 | 544.17 | NOTE | |
r-release-macos-arm64 | 1.0-12 | 160.00 | NOTE | |||
r-release-macos-x86_64 | 1.0-12 | 525.00 | NOTE | |||
r-release-windows-x86_64 | 1.0-12 | 143.00 | 340.00 | 483.00 | NOTE | |
r-oldrel-macos-arm64 | 1.0-12 | 178.00 | NOTE | |||
r-oldrel-macos-x86_64 | 1.0-12 | 469.00 | NOTE | |||
r-oldrel-windows-x86_64 | 1.0-12 | 185.00 | 425.00 | 610.00 | NOTE |
Version: 1.0-12
Check: package dependencies
Result: NOTE
Packages which this enhances but not available for checking:
'gurobi', 'rcbc'
Flavors: r-devel-linux-x86_64-debian-clang, r-devel-linux-x86_64-debian-gcc, r-patched-linux-x86_64, r-release-linux-x86_64
Version: 1.0-12
Check: package dependencies
Result: NOTE
Packages which this enhances but not available for checking:
'Rcplex', 'gurobi', 'rcbc'
Flavors: r-devel-linux-x86_64-fedora-clang, r-devel-linux-x86_64-fedora-gcc, r-devel-windows-x86_64, r-release-macos-arm64, r-release-macos-x86_64, r-release-windows-x86_64, r-oldrel-macos-arm64, r-oldrel-macos-x86_64, r-oldrel-windows-x86_64
Version: 1.0-12
Check: installed package size
Result: NOTE
installed size is 5.7Mb
sub-directories of 1Mb or more:
R 2.7Mb
doc 1.2Mb
Flavors: r-devel-linux-x86_64-fedora-clang, r-devel-windows-x86_64, r-release-macos-arm64, r-release-macos-x86_64, r-release-windows-x86_64, r-oldrel-macos-arm64, r-oldrel-macos-x86_64, r-oldrel-windows-x86_64