Last updated on 2024-05-02 01:56:54 CEST.
Flavor | Version | Tinstall | Tcheck | Ttotal | Status | Flags |
---|---|---|---|---|---|---|
r-devel-linux-x86_64-debian-clang | 1.1.1 | 224.40 | 341.68 | 566.08 | NOTE | |
r-devel-linux-x86_64-debian-gcc | 1.1.1 | 188.40 | 282.93 | 471.33 | NOTE | |
r-devel-linux-x86_64-fedora-clang | 1.1.1 | 720.53 | NOTE | |||
r-devel-linux-x86_64-fedora-gcc | 1.1.1 | 720.79 | NOTE | |||
r-devel-windows-x86_64 | 1.1.1 | 172.00 | 348.00 | 520.00 | NOTE | |
r-patched-linux-x86_64 | 1.1.0 | 179.25 | 369.41 | 548.66 | NOTE | |
r-release-linux-x86_64 | 1.1.1 | 181.53 | 367.98 | 549.51 | NOTE | |
r-release-macos-arm64 | 1.1.1 | 206.00 | NOTE | |||
r-release-macos-x86_64 | 1.1.1 | 496.00 | NOTE | |||
r-release-windows-x86_64 | 1.1.1 | 171.00 | 359.00 | 530.00 | NOTE | |
r-oldrel-macos-arm64 | 1.1.1 | 210.00 | NOTE | |||
r-oldrel-macos-x86_64 | 1.1.1 | 496.00 | NOTE | |||
r-oldrel-windows-x86_64 | 1.1.1 | 225.00 | 426.00 | 651.00 | NOTE |
Version: 1.1.1
Check: for GNU extensions in Makefiles
Result: NOTE
GNU make is a SystemRequirements.
Flavors: r-devel-linux-x86_64-debian-clang, r-devel-linux-x86_64-debian-gcc, r-devel-linux-x86_64-fedora-clang, r-devel-linux-x86_64-fedora-gcc, r-devel-windows-x86_64, r-release-linux-x86_64, r-release-macos-arm64, r-release-macos-x86_64, r-release-windows-x86_64, r-oldrel-macos-arm64, r-oldrel-macos-x86_64, r-oldrel-windows-x86_64
Version: 1.1.0
Check: for GNU extensions in Makefiles
Result: NOTE
GNU make is a SystemRequirements.
Flavor: r-patched-linux-x86_64
Version: 1.1.1
Check: installed package size
Result: NOTE
installed size is 53.6Mb
sub-directories of 1Mb or more:
libs 52.6Mb
Flavors: r-release-macos-arm64, r-release-macos-x86_64, r-oldrel-macos-arm64, r-oldrel-macos-x86_64