Last updated on 2025-11-21 01:49:52 CET.
| Flavor | Version | Tinstall | Tcheck | Ttotal | Status | Flags |
|---|---|---|---|---|---|---|
| r-devel-linux-x86_64-debian-clang | 2.2.2 | 24.09 | 28.19 | 52.28 | OK | |
| r-devel-linux-x86_64-debian-gcc | 2.2.4 | 17.82 | 22.92 | 40.74 | OK | |
| r-devel-linux-x86_64-fedora-clang | 2.2.4 | 224.00 | -136.98 | 87.02 | OK | |
| r-devel-linux-x86_64-fedora-gcc | 2.2.4 | 254.00 | -161.32 | 92.68 | OK | |
| r-devel-windows-x86_64 | 2.2.2 | 30.00 | 64.00 | 94.00 | OK | |
| r-patched-linux-x86_64 | 2.2.3 | 24.07 | 26.94 | 51.01 | OK | |
| r-release-linux-x86_64 | 2.2.2 | 23.15 | 26.50 | 49.65 | OK | |
| r-release-macos-arm64 | 2.2.4 | 1.00 | 4.00 | 5.00 | ERROR | |
| r-release-macos-x86_64 | 2.2.4 | 28.00 | 45.00 | 73.00 | OK | |
| r-release-windows-x86_64 | 2.2.2 | 34.00 | 65.00 | 99.00 | OK | |
| r-oldrel-macos-arm64 | 2.2.4 | 1.00 | 9.00 | 10.00 | ERROR | |
| r-oldrel-macos-x86_64 | 2.2.4 | 33.00 | 44.00 | 77.00 | OK | |
| r-oldrel-windows-x86_64 | 2.2.2 | 32.00 | 73.00 | 105.00 | OK |
Version: 2.2.4
Check: whether package can be installed
Result: ERROR
Installation failed.
Flavors: r-release-macos-arm64, r-oldrel-macos-arm64