Last updated on 2025-11-16 01:49:10 CET.
| Flavor | Version | Tinstall | Tcheck | Ttotal | Status | Flags |
|---|---|---|---|---|---|---|
| r-devel-linux-x86_64-debian-clang | 0.1-3 | 16.86 | 207.68 | 224.54 | NOTE | |
| r-devel-linux-x86_64-debian-gcc | 0.1-3 | 12.82 | 142.74 | 155.56 | NOTE | |
| r-devel-linux-x86_64-fedora-clang | 0.1-3 | 93.00 | 257.06 | 350.06 | OK | |
| r-devel-linux-x86_64-fedora-gcc | 0.1-3 | 39.00 | 289.80 | 328.80 | OK | |
| r-devel-windows-x86_64 | 0.1-3 | 24.00 | 230.00 | 254.00 | OK | |
| r-patched-linux-x86_64 | 0.1-3 | 19.61 | 198.42 | 218.03 | OK | |
| r-release-linux-x86_64 | 0.1-3 | 18.25 | 198.24 | 216.49 | OK | |
| r-release-macos-arm64 | 0.1-3 | 7.00 | 82.00 | 89.00 | OK | |
| r-release-macos-x86_64 | 0.1-3 | 15.00 | 157.00 | 172.00 | OK | |
| r-release-windows-x86_64 | 0.1-3 | 20.00 | 228.00 | 248.00 | OK | |
| r-oldrel-macos-arm64 | 0.1-3 | 8.00 | 76.00 | 84.00 | OK | |
| r-oldrel-macos-x86_64 | 0.1-3 | 13.00 | 127.00 | 140.00 | OK | |
| r-oldrel-windows-x86_64 | 0.1-3 | 29.00 | 284.00 | 313.00 | OK |
Version: 0.1-3
Check: CRAN incoming feasibility
Result: NOTE
Maintainer: ‘Fergus Reig-Gracia <fergusrg@gmail.com>’
No Authors@R field in DESCRIPTION.
Please add one, modifying
Authors@R: c(person(given = "Fergus",
family = "Reig-Gracia",
role = c("aut", "cre"),
email = "fergusrg@gmail.com"),
person(given = c("Sergio", "M."),
family = "Vicente-Serrano",
role = "aut"),
person(given = "Fernando",
family = "Dominguez-Castro",
role = "aut"),
person(given = "Joaquin",
family = "Bedia-Jiménez",
role = "ctb"))
as necessary.
Flavors: r-devel-linux-x86_64-debian-clang, r-devel-linux-x86_64-debian-gcc