Last updated on 2025-11-15 03:50:05 CET.
| Flavor | Version | Tinstall | Tcheck | Ttotal | Status | Flags |
|---|---|---|---|---|---|---|
| r-devel-linux-x86_64-debian-clang | 1.0.3 | 6.61 | 1075.00 | 1081.61 | OK | |
| r-devel-linux-x86_64-debian-gcc | 1.0.3 | 4.77 | 707.69 | 712.46 | OK | |
| r-devel-linux-x86_64-fedora-clang | 1.0.3 | 33.00 | 1823.97 | 1856.97 | NOTE | |
| r-devel-linux-x86_64-fedora-gcc | 1.0.3 | 23.00 | 1759.88 | 1782.88 | NOTE | |
| r-devel-windows-x86_64 | 1.0.3 | 9.00 | 703.00 | 712.00 | OK | |
| r-patched-linux-x86_64 | 1.0.3 | 6.32 | 1026.77 | 1033.09 | OK | |
| r-release-linux-x86_64 | 1.0.3 | 6.52 | 1014.47 | 1020.99 | OK | |
| r-release-macos-arm64 | 1.0.3 | 3.00 | 310.00 | 313.00 | OK | |
| r-release-macos-x86_64 | 1.0.3 | 4.00 | 732.00 | 736.00 | OK | |
| r-release-windows-x86_64 | 1.0.3 | 7.00 | 651.00 | 658.00 | OK | |
| r-oldrel-macos-arm64 | 1.0.3 | 3.00 | 358.00 | 361.00 | OK | |
| r-oldrel-macos-x86_64 | 1.0.3 | 5.00 | 675.00 | 680.00 | OK | |
| r-oldrel-windows-x86_64 | 1.0.3 | 12.00 | 1007.00 | 1019.00 | OK |
Version: 1.0.3
Check: dependencies in R code
Result: NOTE
Namespace in Imports field not imported from: ‘checkmate’
All declared Imports should be used.
Flavors: r-devel-linux-x86_64-fedora-clang, r-devel-linux-x86_64-fedora-gcc