Last updated on 2024-05-21 02:01:59 CEST.
Flavor | Version | Tinstall | Tcheck | Ttotal | Status | Flags |
---|---|---|---|---|---|---|
r-devel-linux-x86_64-debian-clang | 0.0.1 | 3.84 | 29.52 | 33.36 | NOTE | |
r-devel-linux-x86_64-debian-gcc | 0.0.1 | 3.15 | 23.09 | 26.24 | NOTE | |
r-devel-linux-x86_64-fedora-clang | 0.0.1 | 47.08 | NOTE | |||
r-devel-linux-x86_64-fedora-gcc | 0.0.1 | 55.96 | NOTE | |||
r-devel-windows-x86_64 | 0.0.1 | 5.00 | 46.00 | 51.00 | NOTE | |
r-patched-linux-x86_64 | 0.0.1 | 5.23 | 29.10 | 34.33 | NOTE | |
r-release-linux-x86_64 | 0.0.1 | 4.61 | 28.73 | 33.34 | NOTE | |
r-release-macos-arm64 | 0.0.1 | 24.00 | NOTE | |||
r-release-windows-x86_64 | 0.0.1 | 6.00 | 46.00 | 52.00 | NOTE | |
r-oldrel-macos-arm64 | 0.0.1 | 26.00 | OK | |||
r-oldrel-macos-x86_64 | 0.0.1 | 36.00 | OK | |||
r-oldrel-windows-x86_64 | 0.0.1 | 6.00 | 47.00 | 53.00 | OK |
Version: 0.0.1
Check: Rd files
Result: NOTE
checkRd: (-1) data.Rd:11: Lost braces
11 | \doi{10.1007/s40258-021-00647-3}{DOI}
| ^
Flavors: r-devel-linux-x86_64-debian-clang, r-devel-linux-x86_64-debian-gcc, r-devel-linux-x86_64-fedora-clang, r-devel-linux-x86_64-fedora-gcc, r-devel-windows-x86_64, r-patched-linux-x86_64, r-release-linux-x86_64, r-release-macos-arm64, r-release-windows-x86_64
Version: 0.0.1
Check: data for non-ASCII characters
Result: NOTE
Note: found 122 marked UTF-8 strings
Flavors: r-devel-linux-x86_64-fedora-clang, r-devel-linux-x86_64-fedora-gcc