CRAN Package Check Results for Package DHBins

Last updated on 2025-11-16 01:49:12 CET.

Flavor Version Tinstall Tcheck Ttotal Status Flags
r-devel-linux-x86_64-debian-clang 1.1 5.31 58.71 64.02 NOTE
r-devel-linux-x86_64-debian-gcc 1.1 4.42 43.73 48.15 NOTE
r-devel-linux-x86_64-fedora-clang 1.1 29.00 74.79 103.79 OK
r-devel-linux-x86_64-fedora-gcc 1.1 12.00 81.34 93.34 OK
r-devel-windows-x86_64 1.1 9.00 75.00 84.00 OK
r-patched-linux-x86_64 1.1 6.04 55.64 61.68 OK
r-release-linux-x86_64 1.1 6.06 56.15 62.21 OK
r-release-macos-arm64 1.1 3.00 27.00 30.00 OK
r-release-macos-x86_64 1.1 5.00 40.00 45.00 OK
r-release-windows-x86_64 1.1 8.00 74.00 82.00 OK
r-oldrel-macos-arm64 1.1 3.00 26.00 29.00 OK
r-oldrel-macos-x86_64 1.1 7.00 55.00 62.00 OK
r-oldrel-windows-x86_64 1.1 10.00 89.00 99.00 OK

Check Details

Version: 1.1
Check: CRAN incoming feasibility
Result: NOTE Maintainer: ‘Thomas Lumley <t.lumley@auckland.ac.nz>’ No Authors@R field in DESCRIPTION. Please add one, modifying Authors@R: person(given = "Thomas", family = "Lumley", role = c("aut", "cre"), email = "t.lumley@auckland.ac.nz") as necessary. The Description field contains or Regional Councils. The preprint Lumley (2019) <arXiv:1912.04435> is Please refer to arXiv e-prints via their arXiv DOI <doi:10.48550/arXiv.YYMM.NNNNN>. Flavors: r-devel-linux-x86_64-debian-clang, r-devel-linux-x86_64-debian-gcc