CRAN Package Check Results for Package DHS.rates

Last updated on 2025-11-15 02:52:58 CET.

Flavor Version Tinstall Tcheck Ttotal Status Flags
r-devel-linux-x86_64-debian-clang 0.9.2 7.77 76.04 83.81 NOTE
r-devel-linux-x86_64-debian-gcc 0.9.2 5.17 52.33 57.50 NOTE
r-devel-linux-x86_64-fedora-clang 0.9.2 42.00 94.91 136.91 NOTE
r-devel-linux-x86_64-fedora-gcc 0.9.2 16.00 123.56 139.56 NOTE
r-devel-windows-x86_64 0.9.2 23.00 89.00 112.00 OK
r-patched-linux-x86_64 0.9.2 6.69 70.50 77.19 OK
r-release-linux-x86_64 0.9.2 6.72 70.95 77.67 OK
r-release-macos-arm64 0.9.2 3.00 42.00 45.00 OK
r-release-macos-x86_64 0.9.2 7.00 78.00 85.00 OK
r-release-windows-x86_64 0.9.2 9.00 88.00 97.00 OK
r-oldrel-macos-arm64 0.9.2 3.00 40.00 43.00 OK
r-oldrel-macos-x86_64 0.9.2 9.00 65.00 74.00 OK
r-oldrel-windows-x86_64 0.9.2 12.00 109.00 121.00 OK

Check Details

Version: 0.9.2
Check: CRAN incoming feasibility
Result: NOTE Maintainer: ‘Mahmoud Elkasabi <mahmoudelkasabi@gmail.com>’ No Authors@R field in DESCRIPTION. Please add one, modifying Authors@R: person(given = "Mahmoud", family = "Elkasabi", role = c("aut", "cre"), email = "mahmoudelkasabi@gmail.com") as necessary. Flavors: r-devel-linux-x86_64-debian-clang, r-devel-linux-x86_64-debian-gcc

Version: 0.9.2
Check: dependencies in R code
Result: NOTE Namespace in Imports field not imported from: ‘rlang’ All declared Imports should be used. Flavors: r-devel-linux-x86_64-fedora-clang, r-devel-linux-x86_64-fedora-gcc