Last updated on 2024-05-21 02:02:00 CEST.
Flavor | Version | Tinstall | Tcheck | Ttotal | Status | Flags |
---|---|---|---|---|---|---|
r-devel-linux-x86_64-debian-clang | 0.2.2 | 66.06 | 608.02 | 674.08 | NOTE | |
r-devel-linux-x86_64-debian-gcc | 0.2.2 | 49.03 | 440.30 | 489.33 | NOTE | |
r-devel-linux-x86_64-fedora-clang | 0.2.2 | 873.40 | NOTE | |||
r-devel-linux-x86_64-fedora-gcc | 0.2.2 | 850.81 | NOTE | |||
r-devel-windows-x86_64 | 0.2.2 | 58.00 | 391.00 | 449.00 | NOTE | |
r-patched-linux-x86_64 | 0.2.2 | 67.22 | 579.86 | 647.08 | NOTE | |
r-release-linux-x86_64 | 0.2.2 | 51.32 | 571.54 | 622.86 | NOTE | |
r-release-macos-arm64 | 0.2.2 | 5.00 | ERROR | |||
r-release-macos-x86_64 | 0.2.2 | 7.00 | ERROR | |||
r-release-windows-x86_64 | 0.2.2 | 57.00 | 386.00 | 443.00 | NOTE | |
r-oldrel-macos-arm64 | 0.2.2 | 10.00 | ERROR | |||
r-oldrel-macos-x86_64 | 0.2.2 | 11.00 | ERROR | |||
r-oldrel-windows-x86_64 | 0.2.2 | 79.00 | 511.00 | 590.00 | OK |
Version: 0.2.2
Check: Rd files
Result: NOTE
checkRd: (-1) Emas.Rd:55: Lost braces in \itemize; \value handles \item{}{} directly
checkRd: (-1) Emas.Rd:56: Lost braces in \itemize; \value handles \item{}{} directly
checkRd: (-1) Emas.Rd:57: Lost braces in \itemize; \value handles \item{}{} directly
checkRd: (-1) Emas.Rd:58: Lost braces in \itemize; \value handles \item{}{} directly
checkRd: (-1) Emas.Rd:59: Lost braces in \itemize; \value handles \item{}{} directly
checkRd: (-1) Emas.Rd:60: Lost braces in \itemize; \value handles \item{}{} directly
checkRd: (-1) Emas.Rd:61: Lost braces in \itemize; \value handles \item{}{} directly
checkRd: (-1) Emas.Rd:62: Lost braces in \itemize; \value handles \item{}{} directly
checkRd: (-1) Emas.Rd:63: Lost braces in \itemize; \value handles \item{}{} directly
checkRd: (-1) Emas.Rd:64: Lost braces in \itemize; \value handles \item{}{} directly
Flavors: r-devel-linux-x86_64-debian-clang, r-devel-linux-x86_64-debian-gcc, r-devel-linux-x86_64-fedora-clang, r-devel-linux-x86_64-fedora-gcc, r-devel-windows-x86_64, r-patched-linux-x86_64, r-release-linux-x86_64, r-release-windows-x86_64
Version: 0.2.2
Check: package dependencies
Result: ERROR
Packages required but not available:
'IlluminaHumanMethylationEPICanno.ilm10b4.hg19',
'IlluminaHumanMethylation450kanno.ilmn12.hg19'
See section ‘The DESCRIPTION file’ in the ‘Writing R Extensions’
manual.
Flavors: r-release-macos-arm64, r-release-macos-x86_64
Version: 0.2.2
Check: package dependencies
Result: ERROR
Packages required but not available:
'minfi', 'IlluminaHumanMethylationEPICanno.ilm10b4.hg19',
'IlluminaHumanMethylation450kanno.ilmn12.hg19'
See section ‘The DESCRIPTION file’ in the ‘Writing R Extensions’
manual.
Flavors: r-oldrel-macos-arm64, r-oldrel-macos-x86_64