Last updated on 2025-10-31 01:48:56 CET.
| Flavor | Version | Tinstall | Tcheck | Ttotal | Status | Flags | 
|---|---|---|---|---|---|---|
| r-devel-linux-x86_64-debian-clang | 2.2.2 | 46.25 | 35.82 | 82.07 | NOTE | |
| r-devel-linux-x86_64-debian-gcc | 2.2.2 | 30.59 | 25.61 | 56.20 | NOTE | |
| r-devel-linux-x86_64-fedora-clang | 2.2.2 | 109.00 | 48.56 | 157.56 | OK | |
| r-devel-linux-x86_64-fedora-gcc | 2.2.2 | 113.00 | 26.70 | 139.70 | OK | |
| r-devel-windows-x86_64 | 2.2.2 | 50.00 | 67.00 | 117.00 | OK | |
| r-patched-linux-x86_64 | 2.2.2 | 49.71 | 33.54 | 83.25 | OK | |
| r-release-linux-x86_64 | 2.2.2 | 48.88 | 33.90 | 82.78 | OK | |
| r-release-macos-arm64 | 2.2.2 | 16.00 | 20.00 | 36.00 | OK | |
| r-release-macos-x86_64 | 2.2.2 | 18.00 | 40.00 | 58.00 | OK | |
| r-release-windows-x86_64 | 2.2.2 | 52.00 | 68.00 | 120.00 | OK | |
| r-oldrel-macos-arm64 | 2.2.2 | 19.00 | 17.00 | 36.00 | NOTE | |
| r-oldrel-macos-x86_64 | 2.2.2 | 19.00 | 39.00 | 58.00 | NOTE | |
| r-oldrel-windows-x86_64 | 2.2.2 | 56.00 | 85.00 | 141.00 | NOTE | 
Version: 2.2.2
Check: CRAN incoming feasibility
Result: NOTE
  Maintainer: ‘Meryam Krit <meryam.krit@gmail.com>’
  
  No Authors@R field in DESCRIPTION.
  Please add one, modifying
    Authors@R: person(given = "Meryam",
                      family = "Krit",
                      role = c("aut", "cre"),
                      email = "meryam.krit@gmail.com")
  as necessary.
Flavors: r-devel-linux-x86_64-debian-clang, r-devel-linux-x86_64-debian-gcc
Version: 2.2.2
Check: LazyData
Result: NOTE
    'LazyData' is specified without a 'data' directory
Flavors: r-oldrel-macos-arm64, r-oldrel-macos-x86_64, r-oldrel-windows-x86_64