CRAN Package Check Results for Package Ease

Last updated on 2025-11-15 03:50:08 CET.

Flavor Version Tinstall Tcheck Ttotal Status Flags
r-devel-linux-x86_64-debian-clang 0.1.2 20.33 60.30 80.63 NOTE
r-devel-linux-x86_64-debian-gcc 0.1.2 15.69 41.70 57.39 NOTE
r-devel-linux-x86_64-fedora-clang 0.1.2 45.00 82.19 127.19 OK
r-devel-linux-x86_64-fedora-gcc 0.1.2 60.00 83.59 143.59 OK
r-devel-windows-x86_64 0.1.2 27.00 95.00 122.00 OK
r-patched-linux-x86_64 0.1.2 21.07 56.94 78.01 OK
r-release-linux-x86_64 0.1.2 20.39 56.98 77.37 OK
r-release-macos-arm64 0.1.2 8.00 34.00 42.00 OK
r-release-macos-x86_64 0.1.2 16.00 62.00 78.00 OK
r-release-windows-x86_64 0.1.2 22.00 95.00 117.00 OK
r-oldrel-macos-arm64 0.1.2 9.00 31.00 40.00 OK
r-oldrel-macos-x86_64 0.1.2 14.00 49.00 63.00 OK
r-oldrel-windows-x86_64 0.1.2 23.00 119.00 142.00 OK

Check Details

Version: 0.1.2
Check: CRAN incoming feasibility
Result: NOTE Maintainer: ‘Ehouarn Le Faou <ehouarnlefaou@orange.fr>’ No Authors@R field in DESCRIPTION. Please add one, modifying Authors@R: person(given = "Ehouarn", family = "Le Faou", role = c("aut", "cre"), email = "ehouarnlefaou@orange.fr") as necessary. Flavors: r-devel-linux-x86_64-debian-clang, r-devel-linux-x86_64-debian-gcc