Last updated on 2025-11-15 02:52:59 CET.
| Flavor | Version | Tinstall | Tcheck | Ttotal | Status | Flags |
|---|---|---|---|---|---|---|
| r-devel-linux-x86_64-debian-clang | 1.3.3 | 2.71 | 52.42 | 55.13 | WARN | |
| r-devel-linux-x86_64-debian-gcc | 1.3.3 | 1.94 | 40.19 | 42.13 | WARN | |
| r-devel-linux-x86_64-fedora-clang | 1.3.3 | 88.81 | OK | |||
| r-devel-linux-x86_64-fedora-gcc | 1.3.3 | 101.42 | WARN | |||
| r-devel-windows-x86_64 | 1.3.3 | 6.00 | 65.00 | 71.00 | WARN | |
| r-patched-linux-x86_64 | 1.3.3 | 3.11 | 50.84 | 53.95 | WARN | |
| r-release-linux-x86_64 | 1.3.3 | 2.76 | 51.11 | 53.87 | WARN | |
| r-release-macos-arm64 | 1.3.3 | 1.00 | 34.00 | 35.00 | OK | |
| r-release-macos-x86_64 | 1.3.3 | 3.00 | 105.00 | 108.00 | OK | |
| r-release-windows-x86_64 | 1.3.3 | 5.00 | 66.00 | 71.00 | WARN | |
| r-oldrel-macos-arm64 | 1.3.3 | 2.00 | 86.00 | 88.00 | OK | |
| r-oldrel-macos-x86_64 | 1.3.3 | 5.00 | 119.00 | 124.00 | OK | |
| r-oldrel-windows-x86_64 | 1.3.3 | 6.00 | 83.00 | 89.00 | WARN |
Version: 1.3.3
Check: Rd files
Result: WARN
prepare_Rd: Undefined bibtex string name: \url{https://scholar.google.com/scholar?hl=de&as_sdt=0,5&q=ribeiro geoR 2020&btnG=}
Flavors: r-devel-linux-x86_64-debian-clang, r-devel-linux-x86_64-debian-gcc, r-devel-linux-x86_64-fedora-gcc, r-devel-windows-x86_64, r-patched-linux-x86_64, r-release-linux-x86_64, r-release-windows-x86_64, r-oldrel-windows-x86_64