Last updated on 2024-05-21 02:02:02 CEST.
Flavor | Version | Tinstall | Tcheck | Ttotal | Status | Flags |
---|---|---|---|---|---|---|
r-devel-linux-x86_64-debian-clang | 0.1.0 | 49.07 | 231.93 | 281.00 | NOTE | |
r-devel-linux-x86_64-debian-gcc | 0.1.0 | 40.02 | 818.42 | 858.44 | NOTE | |
r-devel-linux-x86_64-fedora-clang | 0.1.0 | 571.95 | NOTE | |||
r-devel-linux-x86_64-fedora-gcc | 0.1.0 | 668.45 | NOTE | |||
r-devel-windows-x86_64 | 0.1.0 | 40.00 | 242.00 | 282.00 | NOTE | |
r-patched-linux-x86_64 | 0.1.0 | 47.66 | 789.24 | 836.90 | NOTE | |
r-release-linux-x86_64 | 0.1.0 | 46.95 | 757.08 | 804.03 | NOTE | |
r-release-macos-arm64 | 0.1.0 | 148.00 | NOTE | |||
r-release-windows-x86_64 | 0.1.0 | 41.00 | 238.00 | 279.00 | NOTE | |
r-oldrel-macos-arm64 | 0.1.0 | 168.00 | NOTE | |||
r-oldrel-macos-x86_64 | 0.1.0 | 240.00 | NOTE | |||
r-oldrel-windows-x86_64 | 0.1.0 | 47.00 | 281.00 | 328.00 | NOTE |
Version: 0.1.0
Check: C++ specification
Result: NOTE
Specified C++11: please drop specification unless essential
Flavors: r-devel-linux-x86_64-debian-clang, r-devel-linux-x86_64-debian-gcc, r-devel-linux-x86_64-fedora-clang, r-devel-linux-x86_64-fedora-gcc, r-devel-windows-x86_64, r-patched-linux-x86_64, r-release-linux-x86_64, r-release-macos-arm64, r-release-windows-x86_64, r-oldrel-macos-arm64, r-oldrel-macos-x86_64, r-oldrel-windows-x86_64