Last updated on 2024-05-03 01:51:18 CEST.
Flavor | Version | Tinstall | Tcheck | Ttotal | Status | Flags |
---|---|---|---|---|---|---|
r-devel-linux-x86_64-debian-clang | 0.1.1 | 97.58 | 34.43 | 132.01 | NOTE | |
r-devel-linux-x86_64-debian-gcc | 0.1.1 | 69.07 | 27.06 | 96.13 | NOTE | |
r-devel-linux-x86_64-fedora-clang | 0.1.1 | 180.76 | NOTE | |||
r-devel-linux-x86_64-fedora-gcc | 0.1.1 | 182.80 | NOTE | |||
r-devel-windows-x86_64 | 0.1.1 | 71.00 | 71.00 | 142.00 | NOTE | |
r-patched-linux-x86_64 | 0.1.1 | 85.79 | 34.72 | 120.51 | NOTE | |
r-release-linux-x86_64 | 0.1.1 | 85.98 | 33.99 | 119.97 | NOTE | |
r-release-macos-arm64 | 0.1.1 | 39.00 | NOTE | |||
r-release-windows-x86_64 | 0.1.1 | 68.00 | 71.00 | 139.00 | NOTE | |
r-oldrel-macos-arm64 | 0.1.1 | 43.00 | NOTE | |||
r-oldrel-macos-x86_64 | 0.1.1 | 83.00 | NOTE | |||
r-oldrel-windows-x86_64 | 0.1.1 | 86.00 | 80.00 | 166.00 | NOTE |
Version: 0.1.1
Check: LazyData
Result: NOTE
'LazyData' is specified without a 'data' directory
Flavors: r-devel-linux-x86_64-debian-clang, r-devel-linux-x86_64-debian-gcc, r-devel-linux-x86_64-fedora-clang, r-devel-linux-x86_64-fedora-gcc, r-devel-windows-x86_64, r-patched-linux-x86_64, r-release-linux-x86_64, r-release-macos-arm64, r-release-windows-x86_64, r-oldrel-macos-arm64, r-oldrel-macos-x86_64, r-oldrel-windows-x86_64