CRAN Package Check Results for Package FuzzyM

Last updated on 2025-11-16 01:49:16 CET.

Flavor Version Tinstall Tcheck Ttotal Status Flags
r-devel-linux-x86_64-debian-clang 0.1.0 2.85 25.72 28.57 NOTE
r-devel-linux-x86_64-debian-gcc 0.1.0 2.02 20.77 22.79 NOTE
r-devel-linux-x86_64-fedora-clang 0.1.0 41.48 OK
r-devel-linux-x86_64-fedora-gcc 0.1.0 38.08 OK
r-devel-windows-x86_64 0.1.0 5.00 42.00 47.00 OK
r-patched-linux-x86_64 0.1.0 3.13 23.46 26.59 OK
r-release-linux-x86_64 0.1.0 2.94 23.45 26.39 OK
r-release-macos-arm64 0.1.0 2.00 17.00 19.00 OK
r-release-macos-x86_64 0.1.0 3.00 25.00 28.00 OK
r-release-windows-x86_64 0.1.0 4.00 42.00 46.00 OK
r-oldrel-macos-arm64 0.1.0 2.00 14.00 16.00 OK
r-oldrel-macos-x86_64 0.1.0 2.00 22.00 24.00 OK
r-oldrel-windows-x86_64 0.1.0 6.00 49.00 55.00 OK

Check Details

Version: 0.1.0
Check: CRAN incoming feasibility
Result: NOTE Maintainer: ‘Alina Petukhova <petukhova.alina@gmail.com>’ No Authors@R field in DESCRIPTION. Please add one, modifying Authors@R: person(given = "Alina", family = "Petukhova", role = c("aut", "cre"), email = "petukhova.alina@gmail.com") as necessary. Flavors: r-devel-linux-x86_64-debian-clang, r-devel-linux-x86_64-debian-gcc