CRAN Package Check Results for Package GRCdata

Last updated on 2025-11-16 01:49:17 CET.

Flavor Version Tinstall Tcheck Ttotal Status Flags
r-devel-linux-x86_64-debian-clang 1.0 2.27 26.35 28.62 NOTE
r-devel-linux-x86_64-debian-gcc 1.0 1.91 20.92 22.83 NOTE
r-devel-linux-x86_64-fedora-clang 1.0 43.09 OK
r-devel-linux-x86_64-fedora-gcc 1.0 41.66 OK
r-devel-windows-x86_64 1.0 4.00 42.00 46.00 OK
r-patched-linux-x86_64 1.0 2.79 25.14 27.93 OK
r-release-linux-x86_64 1.0 2.79 25.52 28.31 OK
r-release-macos-arm64 1.0 1.00 17.00 18.00 OK
r-release-macos-x86_64 1.0 2.00 25.00 27.00 OK
r-release-windows-x86_64 1.0 4.00 200640.00 200644.00 OK
r-oldrel-macos-arm64 1.0 1.00 17.00 18.00 OK
r-oldrel-macos-x86_64 1.0 2.00 22.00 24.00 OK
r-oldrel-windows-x86_64 1.0 5.00 51.00 56.00 OK

Check Details

Version: 1.0
Check: CRAN incoming feasibility
Result: NOTE Maintainer: ‘Xin Guo <x.guo@polyu.edu.hk>’ No Authors@R field in DESCRIPTION. Please add one, modifying Authors@R: c(person(given = "Xin", family = "Guo", role = c("aut", "cre"), email = "x.guo@polyu.edu.hk"), person(given = "Qiang", family = "Fu", role = "aut", email = "qiang.fu@ubc.ca")) as necessary. Flavors: r-devel-linux-x86_64-debian-clang, r-devel-linux-x86_64-debian-gcc