Last updated on 2025-11-16 01:49:17 CET.
| Flavor | Version | Tinstall | Tcheck | Ttotal | Status | Flags |
|---|---|---|---|---|---|---|
| r-devel-linux-x86_64-debian-clang | 0.2.1 | 9.94 | 137.59 | 147.53 | NOTE | |
| r-devel-linux-x86_64-debian-gcc | 0.2.1 | 7.42 | 99.40 | 106.82 | NOTE | |
| r-devel-linux-x86_64-fedora-clang | 0.2.1 | 25.00 | 221.57 | 246.57 | NOTE | |
| r-devel-linux-x86_64-fedora-gcc | 0.2.1 | 28.00 | 218.23 | 246.23 | NOTE | |
| r-devel-windows-x86_64 | 0.2.1 | 14.00 | 177.00 | 191.00 | NOTE | |
| r-patched-linux-x86_64 | 0.2.1 | 10.62 | 130.62 | 141.24 | NOTE | |
| r-release-linux-x86_64 | 0.2.1 | 11.76 | 131.74 | 143.50 | NOTE | |
| r-release-macos-arm64 | 0.2.1 | 5.00 | 74.00 | 79.00 | NOTE | |
| r-release-macos-x86_64 | 0.2.1 | 9.00 | 118.00 | 127.00 | NOTE | |
| r-release-windows-x86_64 | 0.2.1 | 13.00 | 174.00 | 187.00 | NOTE | |
| r-oldrel-macos-arm64 | 0.2.1 | 5.00 | 60.00 | 65.00 | NOTE | |
| r-oldrel-macos-x86_64 | 0.2.1 | 7.00 | 92.00 | 99.00 | NOTE | |
| r-oldrel-windows-x86_64 | 0.2.1 | 17.00 | 235.00 | 252.00 | NOTE |
Version: 0.2.1
Check: CRAN incoming feasibility
Result: NOTE
Maintainer: ‘Sophie Donnet <sophie.donnet@inrae.fr>’
The Description field contains
Bar-hen, Barbillon and Donnet (2020) <arXiv:1807.10138>.
Please refer to arXiv e-prints via their arXiv DOI <doi:10.48550/arXiv.YYMM.NNNNN>.
Flavors: r-devel-linux-x86_64-debian-clang, r-devel-linux-x86_64-debian-gcc
Version: 0.2.1
Check: Rd files
Result: NOTE
checkRd: (-1) GREMLINS.Rd:11: Lost braces in \itemize; meant \describe ?
checkRd: (-1) GREMLINS.Rd:12: Lost braces in \itemize; meant \describe ?
checkRd: (-1) GREMLINS.Rd:13: Lost braces in \itemize; meant \describe ?
checkRd: (-1) GREMLINS.Rd:14: Lost braces in \itemize; meant \describe ?
checkRd: (-1) GREMLINS.Rd:20: Lost braces in \itemize; meant \describe ?
checkRd: (-1) GREMLINS.Rd:21: Lost braces in \itemize; meant \describe ?
checkRd: (-1) GREMLINS.Rd:22: Lost braces in \itemize; meant \describe ?
checkRd: (-1) GREMLINS.Rd:23: Lost braces in \itemize; meant \describe ?
Flavors: r-devel-linux-x86_64-debian-clang, r-devel-linux-x86_64-debian-gcc, r-devel-linux-x86_64-fedora-clang, r-devel-linux-x86_64-fedora-gcc, r-devel-windows-x86_64, r-patched-linux-x86_64, r-release-linux-x86_64, r-release-macos-arm64, r-release-macos-x86_64, r-release-windows-x86_64, r-oldrel-macos-arm64, r-oldrel-macos-x86_64, r-oldrel-windows-x86_64