Last updated on 2025-10-31 01:48:59 CET.
| Flavor | Version | Tinstall | Tcheck | Ttotal | Status | Flags | 
|---|---|---|---|---|---|---|
| r-devel-linux-x86_64-debian-clang | 0.1.1 | 23.00 | 34.06 | 57.06 | NOTE | |
| r-devel-linux-x86_64-debian-gcc | 0.1.1 | 14.58 | 26.27 | 40.85 | NOTE | |
| r-devel-linux-x86_64-fedora-clang | 0.1.1 | 40.00 | 51.11 | 91.11 | OK | |
| r-devel-linux-x86_64-fedora-gcc | 0.1.1 | 38.00 | 51.12 | 89.12 | OK | |
| r-devel-windows-x86_64 | 0.1.1 | 27.00 | 69.00 | 96.00 | OK | |
| r-patched-linux-x86_64 | 0.1.1 | 20.93 | 32.67 | 53.60 | OK | |
| r-release-linux-x86_64 | 0.1.1 | 22.49 | 31.84 | 54.33 | OK | |
| r-release-macos-arm64 | 0.1.1 | 17.00 | 27.00 | 44.00 | OK | |
| r-release-macos-x86_64 | 0.1.1 | 15.00 | 29.00 | 44.00 | OK | |
| r-release-windows-x86_64 | 0.1.1 | 29.00 | 69.00 | 98.00 | OK | |
| r-oldrel-macos-arm64 | 0.1.1 | 8.00 | 17.00 | 25.00 | OK | |
| r-oldrel-macos-x86_64 | 0.1.1 | 14.00 | 24.00 | 38.00 | OK | |
| r-oldrel-windows-x86_64 | 0.1.1 | 33.00 | 86.00 | 119.00 | OK | 
Version: 0.1.1
Check: CRAN incoming feasibility
Result: NOTE
  Maintainer: ‘Dao Nguyen <dxnguyen@go.olemiss.edu>’
  
  No Authors@R field in DESCRIPTION.
  Please add one, modifying
    Authors@R: c(person(given = "Dao",
                        family = "Nguyen",
                        role = c("aut", "cre"),
                        email = "dxnguyen@go.olemiss.edu"),
                 person(given = "Xin",
                        family = "Dang",
                        role = "aut"))
  as necessary.
  
  The Description field contains
    Nguyen, D., Chen, Y. and Zhang, J., (2018) <arXiv:1809.09793>.
  Please refer to arXiv e-prints via their arXiv DOI <doi:10.48550/arXiv.YYMM.NNNNN>.
Flavors: r-devel-linux-x86_64-debian-clang, r-devel-linux-x86_64-debian-gcc