Last updated on 2024-05-07 01:53:15 CEST.
Flavor | Version | Tinstall | Tcheck | Ttotal | Status | Flags |
---|---|---|---|---|---|---|
r-devel-linux-x86_64-debian-clang | 2.2.0 | 41.91 | 52.48 | 94.39 | NOTE | |
r-devel-linux-x86_64-debian-gcc | 2.2.0 | 27.39 | 39.52 | 66.91 | NOTE | |
r-devel-linux-x86_64-fedora-clang | 2.2.0 | 130.28 | NOTE | |||
r-devel-linux-x86_64-fedora-gcc | 2.2.0 | 121.33 | NOTE | |||
r-devel-windows-x86_64 | 2.2.0 | 34.00 | 80.00 | 114.00 | NOTE | |
r-patched-linux-x86_64 | 2.2.0 | 37.21 | 48.69 | 85.90 | NOTE | |
r-release-linux-x86_64 | 2.2.0 | 36.74 | 49.99 | 86.73 | NOTE | |
r-release-macos-arm64 | 2.2.0 | 33.00 | NOTE | |||
r-release-windows-x86_64 | 2.2.0 | 33.00 | 78.00 | 111.00 | NOTE | |
r-oldrel-macos-arm64 | 2.2.0 | 35.00 | NOTE | |||
r-oldrel-macos-x86_64 | 2.2.0 | 55.00 | NOTE | |||
r-oldrel-windows-x86_64 | 2.2.0 | 39.00 | 89.00 | 128.00 | NOTE |
Version: 2.2.0
Check: C++ specification
Result: NOTE
Specified C++11: please drop specification unless essential
Flavors: r-devel-linux-x86_64-debian-clang, r-devel-linux-x86_64-debian-gcc, r-devel-linux-x86_64-fedora-clang, r-devel-linux-x86_64-fedora-gcc, r-devel-windows-x86_64, r-patched-linux-x86_64, r-release-linux-x86_64, r-release-macos-arm64, r-release-windows-x86_64, r-oldrel-macos-arm64, r-oldrel-macos-x86_64, r-oldrel-windows-x86_64