Last updated on 2025-11-15 02:53:03 CET.
| Flavor | Version | Tinstall | Tcheck | Ttotal | Status | Flags |
|---|---|---|---|---|---|---|
| r-devel-linux-x86_64-debian-clang | 1.0.0 | 1.66 | 17.71 | 19.37 | NOTE | |
| r-devel-linux-x86_64-debian-gcc | 1.0.0 | 1.27 | 14.88 | 16.15 | NOTE | |
| r-devel-linux-x86_64-fedora-clang | 1.0.0 | 28.76 | OK | |||
| r-devel-linux-x86_64-fedora-gcc | 1.0.0 | 27.14 | OK | |||
| r-devel-windows-x86_64 | 1.0.0 | 2.00 | 32.00 | 34.00 | OK | |
| r-patched-linux-x86_64 | 1.0.0 | 1.44 | 16.98 | 18.42 | OK | |
| r-release-linux-x86_64 | 1.0.0 | 1.58 | 16.81 | 18.39 | OK | |
| r-release-macos-arm64 | 1.0.0 | 1.00 | 12.00 | 13.00 | OK | |
| r-release-macos-x86_64 | 1.0.0 | 1.00 | 22.00 | 23.00 | OK | |
| r-release-windows-x86_64 | 1.0.0 | 3.00 | 31.00 | 34.00 | OK | |
| r-oldrel-macos-arm64 | 1.0.0 | 1.00 | 12.00 | 13.00 | NOTE | |
| r-oldrel-macos-x86_64 | 1.0.0 | 1.00 | 18.00 | 19.00 | NOTE | |
| r-oldrel-windows-x86_64 | 1.0.0 | 2.00 | 34.00 | 36.00 | NOTE |
Version: 1.0.0
Check: CRAN incoming feasibility
Result: NOTE
Maintainer: ‘Yongjian Kang <yongjiak@usc.edu>’
The Description field contains
(2018)<arXiv:1606.03803>.
Please refer to arXiv e-prints via their arXiv DOI <doi:10.48550/arXiv.YYMM.NNNNN>.
Flavors: r-devel-linux-x86_64-debian-clang, r-devel-linux-x86_64-debian-gcc
Version: 1.0.0
Check: LazyData
Result: NOTE
'LazyData' is specified without a 'data' directory
Flavors: r-oldrel-macos-arm64, r-oldrel-macos-x86_64, r-oldrel-windows-x86_64