Last updated on 2025-11-16 01:49:18 CET.
| Flavor | Version | Tinstall | Tcheck | Ttotal | Status | Flags |
|---|---|---|---|---|---|---|
| r-devel-linux-x86_64-debian-clang | 0.1.0 | 3.32 | 66.78 | 70.10 | NOTE | |
| r-devel-linux-x86_64-debian-gcc | 0.1.0 | 2.44 | 51.75 | 54.19 | NOTE | |
| r-devel-linux-x86_64-fedora-clang | 0.1.0 | 14.00 | 105.03 | 119.03 | OK | |
| r-devel-linux-x86_64-fedora-gcc | 0.1.0 | 14.00 | 111.55 | 125.55 | OK | |
| r-devel-windows-x86_64 | 0.1.0 | 8.00 | 121.00 | 129.00 | NOTE | |
| r-patched-linux-x86_64 | 0.1.0 | 3.83 | 64.37 | 68.20 | OK | |
| r-release-linux-x86_64 | 0.1.0 | 3.20 | 64.26 | 67.46 | OK | |
| r-release-macos-arm64 | 0.1.0 | 2.00 | 40.00 | 42.00 | OK | |
| r-release-macos-x86_64 | 0.1.0 | 4.00 | 69.00 | 73.00 | OK | |
| r-release-windows-x86_64 | 0.1.0 | 4.00 | 126.00 | 130.00 | OK | |
| r-oldrel-macos-arm64 | 0.1.0 | 1.00 | 43.00 | 44.00 | NOTE | |
| r-oldrel-macos-x86_64 | 0.1.0 | 4.00 | 57.00 | 61.00 | NOTE | |
| r-oldrel-windows-x86_64 | 0.1.0 | 5.00 | 138.00 | 143.00 | NOTE |
Version: 0.1.0
Check: CRAN incoming feasibility
Result: NOTE
Maintainer: ‘Andreas Anastasiou <a.anastasiou@lse.ac.uk>’
Package CITATION file contains call(s) to old-style personList() or
as.personList(). Please use c() on person objects instead.
Package CITATION file contains call(s) to old-style citEntry(). Please
use bibentry() instead.
Flavors: r-devel-linux-x86_64-debian-clang, r-devel-linux-x86_64-debian-gcc
Version: 0.1.0
Check: Rd files
Result: NOTE
checkRd: (-1) ID.Rd:63-68: Only 2 columns allowed in this table (row 1 has 1)
checkRd: (-1) ID_cplm.Rd:36-41: Only 2 columns allowed in this table (row 1 has 1)
checkRd: (-1) ID_pcm.Rd:35-40: Only 2 columns allowed in this table (row 1 has 1)
checkRd: (-1) cplm_ic.Rd:31-38: Only 2 columns allowed in this table (row 1 has 1)
checkRd: (-1) ht_ID_cplm.Rd:46-51: Only 2 columns allowed in this table (row 1 has 1)
checkRd: (-1) ht_ID_pcm.Rd:45-50: Only 2 columns allowed in this table (row 1 has 1)
checkRd: (-1) pcm_ic.Rd:31-38: Only 2 columns allowed in this table (row 1 has 1)
Flavors: r-devel-linux-x86_64-debian-clang, r-devel-windows-x86_64
Version: 0.1.0
Check: LazyData
Result: NOTE
'LazyData' is specified without a 'data' directory
Flavors: r-oldrel-macos-arm64, r-oldrel-macos-x86_64, r-oldrel-windows-x86_64