CRAN Package Check Results for Package IETD

Last updated on 2025-11-15 02:53:03 CET.

Flavor Version Tinstall Tcheck Ttotal Status Flags
r-devel-linux-x86_64-debian-clang 1.0.0 7.27 72.59 79.86 NOTE
r-devel-linux-x86_64-debian-gcc 1.0.0 5.25 52.75 58.00 NOTE
r-devel-linux-x86_64-fedora-clang 1.0.0 29.00 97.09 126.09 NOTE
r-devel-linux-x86_64-fedora-gcc 1.0.0 16.00 93.12 109.12 NOTE
r-devel-windows-x86_64 1.0.0 11.00 102.00 113.00 OK
r-patched-linux-x86_64 1.0.0 7.36 65.02 72.38 OK
r-release-linux-x86_64 1.0.0 7.16 65.19 72.35 OK
r-release-macos-arm64 1.0.0 3.00 30.00 33.00 OK
r-release-macos-x86_64 1.0.0 4.00 51.00 55.00 OK
r-release-windows-x86_64 1.0.0 9.00 94.00 103.00 OK
r-oldrel-macos-arm64 1.0.0 3.00 25.00 28.00 OK
r-oldrel-macos-x86_64 1.0.0 4.00 39.00 43.00 OK
r-oldrel-windows-x86_64 1.0.0 12.00 128.00 140.00 OK

Check Details

Version: 1.0.0
Check: CRAN incoming feasibility
Result: NOTE Maintainer: ‘Luis F. Duque <lfduquey@gmail.com>’ No Authors@R field in DESCRIPTION. Please add one, modifying Authors@R: person(given = c("Luis", "F."), family = "Duque", role = c("aut", "cre"), email = "lfduquey@gmail.com") as necessary. Flavors: r-devel-linux-x86_64-debian-clang, r-devel-linux-x86_64-debian-gcc

Version: 1.0.0
Check: dependencies in R code
Result: NOTE Namespace in Imports field not imported from: ‘Rdpack’ All declared Imports should be used. Flavors: r-devel-linux-x86_64-fedora-clang, r-devel-linux-x86_64-fedora-gcc