Last updated on 2024-05-02 01:57:01 CEST.
Flavor | Version | Tinstall | Tcheck | Ttotal | Status | Flags |
---|---|---|---|---|---|---|
r-devel-linux-x86_64-debian-clang | 0.3.1 | 40.25 | 33.74 | 73.99 | NOTE | |
r-devel-linux-x86_64-debian-gcc | 0.3.1 | 27.87 | 25.62 | 53.49 | NOTE | |
r-devel-linux-x86_64-fedora-clang | 0.3.1 | 104.99 | NOTE | |||
r-devel-linux-x86_64-fedora-gcc | 0.3.1 | 97.69 | NOTE | |||
r-devel-windows-x86_64 | 0.3.1 | 31.00 | 70.00 | 101.00 | NOTE | |
r-patched-linux-x86_64 | 0.3.1 | 35.29 | 32.69 | 67.98 | NOTE | |
r-release-linux-x86_64 | 0.3.1 | 34.78 | 32.53 | 67.31 | NOTE | |
r-release-macos-arm64 | 0.3.1 | 27.00 | NOTE | |||
r-release-windows-x86_64 | 0.3.1 | 33.00 | 79.00 | 112.00 | NOTE | |
r-oldrel-macos-arm64 | 0.3.1 | 28.00 | OK | |||
r-oldrel-macos-x86_64 | 0.3.1 | 43.00 | OK | |||
r-oldrel-windows-x86_64 | 0.3.1 | 29.00 | 76.00 | 105.00 | OK |
Version: 0.3.1
Check: Rd files
Result: NOTE
checkRd: (-1) simHawkes1a.Rd:35: Lost braces; missing escapes or markup?
35 | distribution; 'd${dis}' gives the density function \eqn{g(\cdot)}.}
| ^
Flavors: r-devel-linux-x86_64-debian-clang, r-devel-linux-x86_64-debian-gcc, r-devel-linux-x86_64-fedora-clang, r-devel-linux-x86_64-fedora-gcc, r-devel-windows-x86_64, r-patched-linux-x86_64, r-release-linux-x86_64, r-release-macos-arm64, r-release-windows-x86_64