Last updated on 2024-05-11 01:50:40 CEST.
Flavor | Version | Tinstall | Tcheck | Ttotal | Status | Flags |
---|---|---|---|---|---|---|
r-devel-linux-x86_64-debian-clang | 1.2.2 | 6.33 | 42.43 | 48.76 | OK | |
r-devel-linux-x86_64-debian-gcc | 1.2.2 | 5.58 | 32.79 | 38.37 | OK | |
r-devel-linux-x86_64-fedora-clang | 1.2.2 | 61.39 | NOTE | |||
r-devel-linux-x86_64-fedora-gcc | 1.2.2 | 84.77 | NOTE | |||
r-devel-windows-x86_64 | 1.2.2 | 7.00 | 64.00 | 71.00 | OK | |
r-patched-linux-x86_64 | 1.2.2 | 5.57 | 41.76 | 47.33 | OK | |
r-release-linux-x86_64 | 1.2.2 | 4.73 | 40.38 | 45.11 | OK | |
r-release-macos-arm64 | 1.2.2 | 27.00 | NOTE | |||
r-release-windows-x86_64 | 1.2.2 | 7.00 | 57.00 | 64.00 | OK | |
r-oldrel-macos-arm64 | 1.2.2 | 27.00 | OK | |||
r-oldrel-macos-x86_64 | 1.2.2 | 39.00 | NOTE | |||
r-oldrel-windows-x86_64 | 1.2.2 | 12.00 | 62.00 | 74.00 | OK |
Version: 1.2.2
Check: data for non-ASCII characters
Result: NOTE
Note: found 2 marked UTF-8 strings
Flavors: r-devel-linux-x86_64-fedora-clang, r-devel-linux-x86_64-fedora-gcc
Version: 1.2.2
Check: installed package size
Result: NOTE
installed size is 5.8Mb
sub-directories of 1Mb or more:
data 5.5Mb
Flavors: r-release-macos-arm64, r-oldrel-macos-x86_64