CRAN Package Check Results for Package Isinglandr

Last updated on 2025-11-15 03:50:15 CET.

Flavor Version Tinstall Tcheck Ttotal Status Flags
r-devel-linux-x86_64-debian-clang 0.1.1 8.41 66.77 75.18 NOTE
r-devel-linux-x86_64-debian-gcc 0.1.1 5.64 47.76 53.40 NOTE
r-devel-linux-x86_64-fedora-clang 0.1.1 34.00 87.41 121.41 NOTE
r-devel-linux-x86_64-fedora-gcc 0.1.1 35.00 79.65 114.65 NOTE
r-devel-windows-x86_64 0.1.1 19.00 77.00 96.00 NOTE
r-patched-linux-x86_64 0.1.1 8.11 61.13 69.24 NOTE
r-release-linux-x86_64 0.1.1 7.95 62.13 70.08 NOTE
r-release-macos-arm64 0.1.1 3.00 27.00 30.00 NOTE
r-release-macos-x86_64 0.1.1 5.00 43.00 48.00 NOTE
r-release-windows-x86_64 0.1.1 8.00 72.00 80.00 NOTE
r-oldrel-macos-arm64 0.1.1 3.00 25.00 28.00 OK
r-oldrel-macos-x86_64 0.1.1 5.00 37.00 42.00 OK
r-oldrel-windows-x86_64 0.1.1 12.00 93.00 105.00 OK

Check Details

Version: 0.1.1
Check: DESCRIPTION meta-information
Result: NOTE Missing dependency on R >= 4.1.0 because package code uses the pipe |> or function shorthand \(...) syntax added in R 4.1.0. File(s) using such syntax: ‘chain-simulation.R’ Flavors: r-devel-linux-x86_64-debian-clang, r-devel-linux-x86_64-debian-gcc, r-devel-linux-x86_64-fedora-clang, r-devel-linux-x86_64-fedora-gcc, r-devel-windows-x86_64, r-patched-linux-x86_64, r-release-linux-x86_64, r-release-macos-arm64, r-release-macos-x86_64, r-release-windows-x86_64