CRAN Package Check Results for Package JoSAE

Last updated on 2025-11-16 01:49:19 CET.

Flavor Version Tinstall Tcheck Ttotal Status Flags
r-devel-linux-x86_64-debian-clang 0.3.0 2.99 34.66 37.65 NOTE
r-devel-linux-x86_64-debian-gcc 0.3.0 2.03 27.37 29.40 NOTE
r-devel-linux-x86_64-fedora-clang 0.3.0 12.00 46.13 58.13 OK
r-devel-linux-x86_64-fedora-gcc 0.3.0 16.00 54.94 70.94 OK
r-devel-windows-x86_64 0.3.0 8.00 60.00 68.00 OK
r-patched-linux-x86_64 0.3.0 3.29 32.81 36.10 OK
r-release-linux-x86_64 0.3.0 2.75 32.89 35.64 OK
r-release-macos-arm64 0.3.0 1.00 35.00 36.00 OK
r-release-macos-x86_64 0.3.0 2.00 61.00 63.00 OK
r-release-windows-x86_64 0.3.0 4.00 61.00 65.00 OK
r-oldrel-macos-arm64 0.3.0 2.00 26.00 28.00 OK
r-oldrel-macos-x86_64 0.3.0 2.00 44.00 46.00 OK
r-oldrel-windows-x86_64 0.3.0 7.00 66.00 73.00 OK

Check Details

Version: 0.3.0
Check: CRAN incoming feasibility
Result: NOTE Maintainer: ‘Johannes Breidenbach <job@nibio.no>’ No Authors@R field in DESCRIPTION. Please add one, modifying Authors@R: person(given = "Johannes", family = "Breidenbach", role = c("aut", "cre"), email = "job@nibio.no") as necessary. Flavors: r-devel-linux-x86_64-debian-clang, r-devel-linux-x86_64-debian-gcc