Last updated on 2025-10-31 01:49:01 CET.
| Flavor | Version | Tinstall | Tcheck | Ttotal | Status | Flags | 
|---|---|---|---|---|---|---|
| r-devel-linux-x86_64-debian-clang | 2.0.2 | 27.37 | 40.84 | 68.21 | NOTE | |
| r-devel-linux-x86_64-debian-gcc | 2.0.2 | 17.05 | 31.19 | 48.24 | NOTE | |
| r-devel-linux-x86_64-fedora-clang | 2.0.2 | 100.00 | 39.78 | 139.78 | OK | |
| r-devel-linux-x86_64-fedora-gcc | 2.0.2 | 51.00 | 52.03 | 103.03 | OK | |
| r-devel-windows-x86_64 | 2.0.2 | 43.00 | 82.00 | 125.00 | OK | |
| r-patched-linux-x86_64 | 2.0.2 | 24.96 | 39.00 | 63.96 | OK | |
| r-release-linux-x86_64 | 2.0.2 | 24.28 | 38.89 | 63.17 | OK | |
| r-release-macos-arm64 | 2.0.2 | 16.00 | 22.00 | 38.00 | OK | |
| r-release-macos-x86_64 | 2.0.2 | 22.00 | 36.00 | 58.00 | OK | |
| r-release-windows-x86_64 | 2.0.2 | 38.00 | 91.00 | 129.00 | OK | |
| r-oldrel-macos-arm64 | 2.0.2 | 16.00 | 20.00 | 36.00 | OK | |
| r-oldrel-macos-x86_64 | 2.0.2 | 29.00 | 54.00 | 83.00 | OK | |
| r-oldrel-windows-x86_64 | 2.0.2 | 38.00 | 103.00 | 141.00 | OK | 
Version: 2.0.2
Check: CRAN incoming feasibility
Result: NOTE
  Maintainer: ‘Dimitrina S. Dimitrova <D.Dimitrova@city.ac.uk>’
  
  No Authors@R field in DESCRIPTION.
  Please add one, modifying
    Authors@R: c(person(given = c("Dimitrina", "S."),
                        family = "Dimitrova",
                        role = c("aut", "cre"),
                        email = "D.Dimitrova@city.ac.uk"),
                 person(given = "Yun",
                        family = "Jia",
                        role = "aut",
                        email = "yunjia2019@gmail.com"),
                 person(given = c("Vladimir", "K."),
                        family = "Kaishev",
                        role = "aut",
                        email = "Vladimir.Kaishev.1@city.ac.uk"),
                 person(given = "Senren",
                        family = "Tan",
                        role = "aut",
                        email = "raymondtsrtsr@outlook.com"))
  as necessary.
Flavors: r-devel-linux-x86_64-debian-clang, r-devel-linux-x86_64-debian-gcc