Last updated on 2025-11-11 02:50:45 CET.
| Flavor | Version | Tinstall | Tcheck | Ttotal | Status | Flags |
|---|---|---|---|---|---|---|
| r-devel-linux-x86_64-debian-clang | 0.5.0 | 30.23 | 69.53 | 99.76 | OK | |
| r-devel-linux-x86_64-debian-gcc | 0.5.0 | 23.22 | 46.09 | 69.31 | OK | |
| r-devel-linux-x86_64-fedora-clang | 0.5.0 | 101.00 | 67.14 | 168.14 | OK | |
| r-devel-linux-x86_64-fedora-gcc | 0.5.0 | 150.00 | 23.28 | 173.28 | OK | |
| r-devel-windows-x86_64 | 0.5.0 | 43.00 | 191.00 | 234.00 | OK | |
| r-patched-linux-x86_64 | 0.5.0 | 36.79 | 65.36 | 102.15 | OK | |
| r-release-linux-x86_64 | 0.5.0 | 34.51 | 66.43 | 100.94 | OK | |
| r-release-macos-arm64 | 0.5.0 | 19.00 | 85.00 | 104.00 | OK | |
| r-release-macos-x86_64 | 0.5.0 | 27.00 | 159.00 | 186.00 | OK | |
| r-release-windows-x86_64 | 0.5.0 | 42.00 | 193.00 | 235.00 | OK | |
| r-oldrel-macos-arm64 | 0.5.0 | 13.00 | 74.00 | 87.00 | NOTE | |
| r-oldrel-macos-x86_64 | 0.5.0 | 24.00 | 138.00 | 162.00 | NOTE | |
| r-oldrel-windows-x86_64 | 0.5.0 | 48.00 | 273.00 | 321.00 | OK |
Version: 0.5.0
Check: installed package size
Result: NOTE
installed size is 6.2Mb
sub-directories of 1Mb or more:
libs 5.0Mb
Flavors: r-oldrel-macos-arm64, r-oldrel-macos-x86_64