Last updated on 2024-05-06 02:52:30 CEST.
Flavor | Version | Tinstall | Tcheck | Ttotal | Status | Flags |
---|---|---|---|---|---|---|
r-devel-linux-x86_64-debian-clang | 0.9.23 | 124.74 | 377.75 | 502.49 | OK | |
r-devel-linux-x86_64-debian-gcc | 0.9.23 | 82.51 | 263.79 | 346.30 | OK | |
r-devel-linux-x86_64-fedora-clang | 0.9.23 | 673.82 | OK | |||
r-devel-linux-x86_64-fedora-gcc | 0.9.23 | 622.41 | OK | |||
r-devel-windows-x86_64 | 0.9.23 | 91.00 | 312.00 | 403.00 | OK | |
r-patched-linux-x86_64 | 0.9.23 | 119.16 | 356.56 | 475.72 | OK | |
r-release-linux-x86_64 | 0.9.23 | 100.44 | 357.70 | 458.14 | OK | |
r-release-macos-arm64 | 0.9.23 | 134.00 | NOTE | |||
r-release-windows-x86_64 | 0.9.23 | 92.00 | 327.00 | 419.00 | OK | |
r-oldrel-macos-arm64 | 0.9.23 | 136.00 | NOTE | |||
r-oldrel-macos-x86_64 | 0.9.23 | 339.00 | NOTE | |||
r-oldrel-windows-x86_64 | 0.9.23 | 118.00 | 396.00 | 514.00 | OK |
Version: 0.9.23
Check: installed package size
Result: NOTE
installed size is 6.1Mb
sub-directories of 1Mb or more:
R 2.0Mb
libs 1.9Mb
Flavors: r-release-macos-arm64, r-oldrel-macos-arm64, r-oldrel-macos-x86_64