Last updated on 2025-11-21 02:50:26 CET.
| Flavor | Version | Tinstall | Tcheck | Ttotal | Status | Flags |
|---|---|---|---|---|---|---|
| r-devel-linux-x86_64-debian-clang | 2.3.2 | 51.75 | 32.71 | 84.46 | NOTE | |
| r-devel-linux-x86_64-debian-gcc | 2.3.2 | 32.77 | 25.33 | 58.10 | NOTE | |
| r-devel-linux-x86_64-fedora-clang | 2.3.2 | 74.00 | 71.92 | 145.92 | OK | |
| r-devel-linux-x86_64-fedora-gcc | 2.3.2 | 119.00 | 28.52 | 147.52 | OK | |
| r-devel-windows-x86_64 | 2.3.2 | 62.00 | 67.00 | 129.00 | OK | |
| r-patched-linux-x86_64 | 2.3.2 | 48.94 | 30.31 | 79.25 | OK | |
| r-release-linux-x86_64 | 2.3.2 | 51.95 | 30.26 | 82.21 | OK | |
| r-release-macos-arm64 | 2.3.2 | OK | ||||
| r-release-macos-x86_64 | 2.3.2 | 22.00 | 29.00 | 51.00 | OK | |
| r-release-windows-x86_64 | 2.3.2 | 56.00 | 64.00 | 120.00 | OK | |
| r-oldrel-macos-arm64 | 2.3.2 | OK | ||||
| r-oldrel-macos-x86_64 | 2.3.2 | 30.00 | 47.00 | 77.00 | OK | |
| r-oldrel-windows-x86_64 | 2.3.2 | 69.00 | 76.00 | 145.00 | OK |
Version: 2.3.2
Check: CRAN incoming feasibility
Result: NOTE
Maintainer: ‘Seung W. Choi <schoi@austin.utexas.edu>’
No Authors@R field in DESCRIPTION.
Please add one, modifying
Authors@R: c(person(given = c("Seung", "W."),
family = "Choi",
role = c("aut", "cre"),
email = "schoi@austin.utexas.edu"),
person(given = c("David", "R."),
family = "King",
role = "aut"))
as necessary.
Flavors: r-devel-linux-x86_64-debian-clang, r-devel-linux-x86_64-debian-gcc