Last updated on 2025-11-15 03:50:18 CET.
| Flavor | Version | Tinstall | Tcheck | Ttotal | Status | Flags |
|---|---|---|---|---|---|---|
| r-devel-linux-x86_64-debian-clang | 1.4 | 2.22 | 37.34 | 39.56 | NOTE | |
| r-devel-linux-x86_64-debian-gcc | 1.4 | 1.70 | 27.87 | 29.57 | NOTE | |
| r-devel-linux-x86_64-fedora-clang | 1.4 | 64.28 | OK | |||
| r-devel-linux-x86_64-fedora-gcc | 1.4 | 59.43 | OK | |||
| r-devel-windows-x86_64 | 1.4 | 4.00 | 58.00 | 62.00 | OK | |
| r-patched-linux-x86_64 | 1.4 | 1.96 | 36.03 | 37.99 | OK | |
| r-release-linux-x86_64 | 1.4 | 1.35 | 35.93 | 37.28 | OK | |
| r-release-macos-arm64 | 1.4 | 2.00 | 22.00 | 24.00 | OK | |
| r-release-macos-x86_64 | 1.4 | 4.00 | 45.00 | 49.00 | OK | |
| r-release-windows-x86_64 | 1.4 | 4.00 | 58.00 | 62.00 | OK | |
| r-oldrel-macos-arm64 | 1.4 | 2.00 | 19.00 | 21.00 | OK | |
| r-oldrel-macos-x86_64 | 1.4 | 2.00 | 29.00 | 31.00 | OK | |
| r-oldrel-windows-x86_64 | 1.4 | 5.00 | 66.00 | 71.00 | OK |
Version: 1.4
Check: CRAN incoming feasibility
Result: NOTE
Maintainer: ‘Hans Kestler <hans.kestler@uni-ulm.de>’
No Authors@R field in DESCRIPTION.
Please add one, modifying
Authors@R: c(person(given = "Johann",
family = "Kraus",
role = "aut",
email = "johann.kraus@uni-ulm.de"),
person(given = "Hans",
family = "Kestler",
role = "cre",
email = "hans.kestler@uni-ulm.de"))
as necessary.
Flavors: r-devel-linux-x86_64-debian-clang, r-devel-linux-x86_64-debian-gcc