Last updated on 2024-05-06 02:52:30 CEST.
Flavor | Version | Tinstall | Tcheck | Ttotal | Status | Flags |
---|---|---|---|---|---|---|
r-devel-linux-x86_64-debian-clang | 1.1.8 | 0.47 | 2.25 | 2.72 | ERROR | |
r-devel-linux-x86_64-debian-gcc | 1.1.8 | 5.06 | 142.79 | 147.85 | OK | |
r-devel-linux-x86_64-fedora-clang | 1.1.8 | 275.73 | OK | |||
r-devel-linux-x86_64-fedora-gcc | 1.1.8 | 267.05 | OK | |||
r-devel-windows-x86_64 | 1.1.8 | 8.00 | 228.00 | 236.00 | OK | |
r-patched-linux-x86_64 | 1.1.8 | 5.24 | 184.78 | 190.02 | OK | |
r-release-linux-x86_64 | 1.1.8 | 4.79 | 189.59 | 194.38 | OK | |
r-release-macos-arm64 | 1.1.8 | 76.00 | OK | |||
r-release-macos-x86_64 | 1.1.8 | 181.00 | OK | |||
r-release-windows-x86_64 | 1.1.8 | 10.00 | 228.00 | 238.00 | OK | |
r-oldrel-macos-arm64 | 1.1.8 | 92.00 | OK | |||
r-oldrel-macos-x86_64 | 1.1.8 | 197.00 | OK | |||
r-oldrel-windows-x86_64 | 1.1.8 | 9.00 | 252.00 | 261.00 | OK |
Version: 1.1.8
Check: package dependencies
Result: ERROR
Package required but not available: ‘DESeq2’
See section ‘The DESCRIPTION file’ in the ‘Writing R Extensions’
manual.
Flavor: r-devel-linux-x86_64-debian-clang