Last updated on 2025-10-31 01:49:04 CET.
| Flavor | Version | Tinstall | Tcheck | Ttotal | Status | Flags | 
|---|---|---|---|---|---|---|
| r-devel-linux-x86_64-debian-clang | 1.1.1 | 30.07 | 53.75 | 83.82 | NOTE | |
| r-devel-linux-x86_64-debian-gcc | 1.1.1 | 17.98 | 38.81 | 56.79 | NOTE | |
| r-devel-linux-x86_64-fedora-clang | 1.1.1 | 72.00 | 74.97 | 146.97 | OK | |
| r-devel-linux-x86_64-fedora-gcc | 1.1.1 | 55.00 | 85.26 | 140.26 | OK | |
| r-devel-windows-x86_64 | 1.1.1 | 36.00 | 83.00 | 119.00 | OK | |
| r-patched-linux-x86_64 | 1.1.1 | 29.04 | 49.73 | 78.77 | OK | |
| r-release-linux-x86_64 | 1.1.1 | 28.24 | 49.78 | 78.02 | OK | |
| r-release-macos-arm64 | 1.1.1 | 11.00 | 37.00 | 48.00 | OK | |
| r-release-macos-x86_64 | 1.1.1 | 14.00 | 59.00 | 73.00 | OK | |
| r-release-windows-x86_64 | 1.1.1 | 36.00 | 85.00 | 121.00 | OK | |
| r-oldrel-macos-arm64 | 1.1.1 | 11.00 | 30.00 | 41.00 | OK | |
| r-oldrel-macos-x86_64 | 1.1.1 | 15.00 | 73.00 | 88.00 | OK | |
| r-oldrel-windows-x86_64 | 1.1.1 | 43.00 | 102.00 | 145.00 | OK | 
Version: 1.1.1
Check: CRAN incoming feasibility
Result: NOTE
  Maintainer: ‘S. Gorsky <sgorsky@umass.edu>’
  
  No Authors@R field in DESCRIPTION.
  Please add one, modifying
    Authors@R: c(person(given = "S.",
                        family = "Gorsky",
                        role = c("aut", "cre"),
                        email = "sgorsky@umass.edu"),
                 person(given = "L.",
                        family = "Ma",
                        role = "aut"))
  as necessary.
Flavors: r-devel-linux-x86_64-debian-clang, r-devel-linux-x86_64-debian-gcc