Last updated on 2024-05-21 02:02:11 CEST.
Flavor | Version | Tinstall | Tcheck | Ttotal | Status | Flags |
---|---|---|---|---|---|---|
r-devel-linux-x86_64-debian-clang | 1.0.7 | 6.57 | 68.57 | 75.14 | OK | |
r-devel-linux-x86_64-debian-gcc | 1.0.7 | 3.94 | 50.96 | 54.90 | WARN | |
r-devel-linux-x86_64-fedora-clang | 1.0.7 | 91.49 | WARN | |||
r-devel-linux-x86_64-fedora-gcc | 1.0.7 | 101.40 | WARN | |||
r-devel-windows-x86_64 | 1.0.7 | 7.00 | 72.00 | 79.00 | WARN | |
r-patched-linux-x86_64 | 1.0.7 | 5.84 | 63.94 | 69.78 | WARN | |
r-release-linux-x86_64 | 1.0.7 | 6.06 | 66.24 | 72.30 | OK | |
r-release-macos-arm64 | 1.0.7 | 34.00 | OK | |||
r-release-windows-x86_64 | 1.0.7 | 8.00 | 72.00 | 80.00 | OK | |
r-oldrel-macos-arm64 | 1.0.7 | 48.00 | OK | |||
r-oldrel-macos-x86_64 | 1.0.7 | 93.00 | OK | |||
r-oldrel-windows-x86_64 | 1.0.7 | 8.00 | 80.00 | 88.00 | OK |
Version: 1.0.7
Check: whether package can be installed
Result: WARN
Found the following significant warnings:
Warning: Fortran 2018 deleted feature: DO termination statement which is not END DO or CONTINUE with label 20 at (1)
Warning: Fortran 2018 deleted feature: DO termination statement which is not END DO or CONTINUE with label 110 at (1)
See ‘/home/hornik/tmp/R.check/r-devel-gcc/Work/PKGS/NPRED.Rcheck/00install.out’ for details.
* used C compiler: ‘gcc-13 (Debian 13.2.0-24) 13.2.0’
* used Fortran compiler: ‘GNU Fortran (Debian 13.2.0-24) 13.2.0’
Flavor: r-devel-linux-x86_64-debian-gcc
Version: 1.0.7
Check: whether package can be installed
Result: WARN
Found the following significant warnings:
./pic2wt.f:132:2: portability: A DO loop should terminate with an END DO or CONTINUE
./pmi.f:446:11: portability: A DO loop should terminate with an END DO or CONTINUE
See ‘/data/gannet/ripley/R/packages/tests-clang/NPRED.Rcheck/00install.out’ for details.
* used C compiler: ‘clang version 18.1.5’
* used Fortran compiler: ‘flang-new version 18.1.5’
Flavor: r-devel-linux-x86_64-fedora-clang
Version: 1.0.7
Check: whether package can be installed
Result: WARN
Found the following significant warnings:
Warning: Fortran 2018 deleted feature: DO termination statement which is not END DO or CONTINUE with label 20 at (1)
Warning: Fortran 2018 deleted feature: DO termination statement which is not END DO or CONTINUE with label 110 at (1)
See ‘/data/gannet/ripley/R/packages/tests-devel/NPRED.Rcheck/00install.out’ for details.
* used C compiler: ‘gcc-14 (GCC) 14.1.0’
* used Fortran compiler: ‘GNU Fortran (GCC) 14.1.0’
Flavor: r-devel-linux-x86_64-fedora-gcc
Version: 1.0.7
Check: whether package can be installed
Result: WARN
Found the following significant warnings:
Warning: Fortran 2018 deleted feature: DO termination statement which is not END DO or CONTINUE with label 20 at (1)
Warning: Fortran 2018 deleted feature: DO termination statement which is not END DO or CONTINUE with label 110 at (1)
See 'd:/Rcompile/CRANpkg/local/4.5/NPRED.Rcheck/00install.out' for details.
* used C compiler: 'gcc.exe (GCC) 13.2.0'
* used Fortran compiler: 'GNU Fortran (GCC) 13.2.0'
Flavor: r-devel-windows-x86_64
Version: 1.0.7
Check: whether package can be installed
Result: WARN
Found the following significant warnings:
Warning: Fortran 2018 deleted feature: DO termination statement which is not END DO or CONTINUE with label 20 at (1)
Warning: Fortran 2018 deleted feature: DO termination statement which is not END DO or CONTINUE with label 110 at (1)
See ‘/home/hornik/tmp/R.check/r-patched-gcc/Work/PKGS/NPRED.Rcheck/00install.out’ for details.
* used C compiler: ‘gcc-13 (Debian 13.2.0-24) 13.2.0’
* used Fortran compiler: ‘GNU Fortran (Debian 13.2.0-24) 13.2.0’
Flavor: r-patched-linux-x86_64