Last updated on 2024-05-21 02:02:11 CEST.
Flavor | Version | Tinstall | Tcheck | Ttotal | Status | Flags |
---|---|---|---|---|---|---|
r-devel-linux-x86_64-debian-clang | 1.0 | 8.30 | 57.93 | 66.23 | NOTE | |
r-devel-linux-x86_64-debian-gcc | 1.0 | 6.34 | 43.34 | 49.68 | NOTE | |
r-devel-linux-x86_64-fedora-clang | 1.0 | 82.87 | NOTE | |||
r-devel-linux-x86_64-fedora-gcc | 1.0 | 77.29 | NOTE | |||
r-devel-windows-x86_64 | 1.0 | 8.00 | 65.00 | 73.00 | NOTE | |
r-patched-linux-x86_64 | 1.0 | 6.45 | 55.04 | 61.49 | NOTE | |
r-release-linux-x86_64 | 1.0 | 6.53 | 55.12 | 61.65 | NOTE | |
r-release-macos-arm64 | 1.0 | 27.00 | NOTE | |||
r-release-windows-x86_64 | 1.0 | 9.00 | 65.00 | 74.00 | NOTE | |
r-oldrel-macos-arm64 | 1.0 | 19.00 | NOTE | |||
r-oldrel-macos-x86_64 | 1.0 | 24.00 | NOTE | |||
r-oldrel-windows-x86_64 | 1.0 | 11.00 | 71.00 | 82.00 | NOTE |
Version: 1.0
Check: LazyData
Result: NOTE
'LazyData' is specified without a 'data' directory
Flavors: r-devel-linux-x86_64-debian-clang, r-devel-linux-x86_64-debian-gcc, r-devel-linux-x86_64-fedora-clang, r-devel-linux-x86_64-fedora-gcc, r-devel-windows-x86_64, r-patched-linux-x86_64, r-release-linux-x86_64, r-release-macos-arm64, r-release-windows-x86_64, r-oldrel-macos-arm64, r-oldrel-macos-x86_64, r-oldrel-windows-x86_64