Last updated on 2025-11-15 02:53:08 CET.
| Flavor | Version | Tinstall | Tcheck | Ttotal | Status | Flags |
|---|---|---|---|---|---|---|
| r-devel-linux-x86_64-debian-clang | 0.0.4 | 11.32 | 56.94 | 68.26 | OK | |
| r-devel-linux-x86_64-debian-gcc | 0.0.4 | 8.49 | 46.04 | 54.53 | OK | |
| r-devel-linux-x86_64-fedora-clang | 0.0.4 | 25.00 | 111.13 | 136.13 | NOTE | |
| r-devel-linux-x86_64-fedora-gcc | 0.0.4 | 22.00 | 98.42 | 120.42 | NOTE | |
| r-devel-windows-x86_64 | 0.0.4 | 20.00 | 105.00 | 125.00 | OK | |
| r-patched-linux-x86_64 | 0.0.4 | 11.89 | 54.21 | 66.10 | OK | |
| r-release-linux-x86_64 | 0.0.4 | 11.15 | 54.26 | 65.41 | OK | |
| r-release-macos-arm64 | 0.0.4 | 7.00 | 46.00 | 53.00 | OK | |
| r-release-macos-x86_64 | 0.0.4 | 9.00 | 69.00 | 78.00 | OK | |
| r-release-windows-x86_64 | 0.0.4 | 17.00 | 85.00 | 102.00 | OK | |
| r-oldrel-macos-arm64 | 0.0.4 | 7.00 | 34.00 | 41.00 | OK | |
| r-oldrel-macos-x86_64 | 0.0.4 | 8.00 | 51.00 | 59.00 | OK | |
| r-oldrel-windows-x86_64 | 0.0.4 | 22.00 | 106.00 | 128.00 | OK |
Version: 0.0.4
Check: dependencies in R code
Result: NOTE
Namespace in Imports field not imported from: ‘reshape2’
All declared Imports should be used.
Flavors: r-devel-linux-x86_64-fedora-clang, r-devel-linux-x86_64-fedora-gcc