Last updated on 2024-05-21 02:02:11 CEST.
Flavor | Version | Tinstall | Tcheck | Ttotal | Status | Flags |
---|---|---|---|---|---|---|
r-devel-linux-x86_64-debian-clang | 0.1.6 | 4.86 | 45.56 | 50.42 | OK | |
r-devel-linux-x86_64-debian-gcc | 0.1.6 | 3.07 | 34.14 | 37.21 | OK | |
r-devel-linux-x86_64-fedora-clang | 0.1.6 | 59.65 | NOTE | |||
r-devel-linux-x86_64-fedora-gcc | 0.1.6 | 55.71 | NOTE | |||
r-devel-windows-x86_64 | 0.1.6 | 6.00 | 50.00 | 56.00 | OK | |
r-patched-linux-x86_64 | 0.1.6 | 2.85 | 42.60 | 45.45 | OK | |
r-release-linux-x86_64 | 0.1.6 | 2.88 | 42.11 | 44.99 | OK | |
r-release-macos-arm64 | 0.1.6 | 21.00 | OK | |||
r-release-windows-x86_64 | 0.1.6 | 7.00 | 51.00 | 58.00 | OK | |
r-oldrel-macos-arm64 | 0.1.6 | 21.00 | OK | |||
r-oldrel-macos-x86_64 | 0.1.6 | 29.00 | OK | |||
r-oldrel-windows-x86_64 | 0.1.6 | 7.00 | 52.00 | 59.00 | OK |
Version: 0.1.6
Check: dependencies in R code
Result: NOTE
Namespaces in Imports field not imported from:
‘boot’ ‘splines’
All declared Imports should be used.
Flavors: r-devel-linux-x86_64-fedora-clang, r-devel-linux-x86_64-fedora-gcc