CRAN Package Check Results for Package OptSig

Last updated on 2025-11-15 02:53:08 CET.

Flavor Version Tinstall Tcheck Ttotal Status Flags
r-devel-linux-x86_64-debian-clang 2.2 2.43 39.10 41.53 NOTE
r-devel-linux-x86_64-debian-gcc 2.2 1.71 29.39 31.10 NOTE
r-devel-linux-x86_64-fedora-clang 2.2 64.59 OK
r-devel-linux-x86_64-fedora-gcc 2.2 63.07 OK
r-devel-windows-x86_64 2.2 5.00 65.00 70.00 OK
r-patched-linux-x86_64 2.2 2.72 36.82 39.54 OK
r-release-linux-x86_64 2.2 2.29 37.28 39.57 OK
r-release-macos-arm64 2.2 1.00 21.00 22.00 OK
r-release-macos-x86_64 2.2 2.00 37.00 39.00 OK
r-release-windows-x86_64 2.2 4.00 67.00 71.00 OK
r-oldrel-macos-arm64 2.2 1.00 22.00 23.00 OK
r-oldrel-macos-x86_64 2.2 2.00 31.00 33.00 OK
r-oldrel-windows-x86_64 2.2 3.00 72.00 75.00 OK

Check Details

Version: 2.2
Check: CRAN incoming feasibility
Result: NOTE Maintainer: ‘Jae H. Kim <jaekim8080@gmail.com>’ No Authors@R field in DESCRIPTION. Please add one, modifying Authors@R: person(given = c("Jae", "H."), family = "Kim", role = c("aut", "cre"), email = "jaekim8080@gmail.com") as necessary. Flavors: r-devel-linux-x86_64-debian-clang, r-devel-linux-x86_64-debian-gcc