CRAN Package Check Results for Package OscillatorGenerator

Last updated on 2025-07-22 01:49:25 CEST.

Flavor Version Tinstall Tcheck Ttotal Status Flags
r-devel-linux-x86_64-debian-clang 0.1.0 3.35 25.18 28.53 OK
r-devel-linux-x86_64-debian-gcc 0.1.0 2.22 19.51 21.73 OK
r-devel-linux-x86_64-fedora-clang 0.1.0 42.92 OK
r-devel-linux-x86_64-fedora-gcc 0.1.0 41.42 OK
r-devel-windows-x86_64 0.1.0 3.00 41.00 44.00 OK
r-patched-linux-x86_64 0.1.0 3.53 23.63 27.16 OK
r-release-linux-x86_64 0.1.0 2.96 23.35 26.31 OK
r-release-macos-arm64 0.1.0 18.00 OK
r-release-macos-x86_64 0.1.0 25.00 OK
r-release-windows-x86_64 0.1.0 4.00 41.00 45.00 OK
r-oldrel-macos-arm64 0.1.0 17.00 NOTE
r-oldrel-macos-x86_64 0.1.0 21.00 NOTE
r-oldrel-windows-x86_64 0.1.0 4.00 41.00 45.00 NOTE

Check Details

Version: 0.1.0
Check: LazyData
Result: NOTE 'LazyData' is specified without a 'data' directory Flavors: r-oldrel-macos-arm64, r-oldrel-macos-x86_64, r-oldrel-windows-x86_64