Last updated on 2025-10-31 01:49:07 CET.
| Flavor | Version | Tinstall | Tcheck | Ttotal | Status | Flags | 
|---|---|---|---|---|---|---|
| r-devel-linux-x86_64-debian-clang | 1.0.2 | 36.31 | 59.19 | 95.50 | NOTE | |
| r-devel-linux-x86_64-debian-gcc | 1.0.2 | 27.25 | 47.58 | 74.83 | NOTE | |
| r-devel-linux-x86_64-fedora-clang | 1.0.2 | 53.00 | 97.32 | 150.32 | NOTE | |
| r-devel-linux-x86_64-fedora-gcc | 1.0.2 | 94.00 | 77.16 | 171.16 | NOTE | |
| r-devel-windows-x86_64 | 1.0.2 | 37.00 | 98.00 | 135.00 | NOTE | |
| r-patched-linux-x86_64 | 1.0.2 | 40.43 | 59.56 | 99.99 | NOTE | |
| r-release-linux-x86_64 | 1.0.2 | 34.87 | 60.12 | 94.99 | NOTE | |
| r-release-macos-arm64 | 1.0.2 | 19.00 | 46.00 | 65.00 | NOTE | |
| r-release-macos-x86_64 | 1.0.2 | 24.00 | 105.00 | 129.00 | NOTE | |
| r-release-windows-x86_64 | 1.0.2 | 39.00 | 100.00 | 139.00 | NOTE | |
| r-oldrel-macos-arm64 | 1.0.2 | 16.00 | 35.00 | 51.00 | NOTE | |
| r-oldrel-macos-x86_64 | 1.0.2 | 21.00 | 62.00 | 83.00 | NOTE | |
| r-oldrel-windows-x86_64 | 1.0.2 | 46.00 | 119.00 | 165.00 | NOTE | 
Version: 1.0.2
Check: CRAN incoming feasibility
Result: NOTE
  Maintainer: ‘Zichong Li <zichongli5@gmail.com>’
  
  No Authors@R field in DESCRIPTION.
  Please add one, modifying
    Authors@R: c(person(given = "Zichong",
                        family = "Li",
                        role = c("aut", "cre"),
                        email = "zichongli5@gmail.com"),
                 person(given = "Qianli",
                        family = "Shen",
                        role = "aut"))
  as necessary.
Flavors: r-devel-linux-x86_64-debian-clang, r-devel-linux-x86_64-debian-gcc
Version: 1.0.2
Check: C++ specification
Result: NOTE
    Specified C++11: please drop specification unless essential
Flavors: r-devel-linux-x86_64-debian-clang, r-devel-linux-x86_64-debian-gcc, r-devel-linux-x86_64-fedora-clang, r-devel-linux-x86_64-fedora-gcc, r-devel-windows-x86_64, r-patched-linux-x86_64, r-release-linux-x86_64, r-release-macos-arm64, r-release-macos-x86_64, r-release-windows-x86_64, r-oldrel-macos-arm64, r-oldrel-macos-x86_64, r-oldrel-windows-x86_64
Version: 1.0.2
Check: compiled code
Result: NOTE
  File ‘PRIMAL/libs/PRIMAL.so’:
    Found no calls to: ‘R_registerRoutines’, ‘R_useDynamicSymbols’
  
  It is good practice to register native routines and to disable symbol
  search.
  
  See ‘Writing portable packages’ in the ‘Writing R Extensions’ manual.
Flavors: r-devel-linux-x86_64-fedora-clang, r-devel-linux-x86_64-fedora-gcc
Version: 1.0.2
Check: installed package size
Result: NOTE
    installed size is 10.5Mb
    sub-directories of 1Mb or more:
      libs  10.1Mb
Flavors: r-oldrel-macos-arm64, r-oldrel-macos-x86_64