Last updated on 2024-05-21 02:02:12 CEST.
Flavor | Version | Tinstall | Tcheck | Ttotal | Status | Flags |
---|---|---|---|---|---|---|
r-devel-linux-x86_64-debian-clang | 0.1.0 | 3.67 | 30.30 | 33.97 | NOTE | |
r-devel-linux-x86_64-debian-gcc | 0.1.0 | 3.06 | 22.98 | 26.04 | NOTE | |
r-devel-linux-x86_64-fedora-clang | 0.1.0 | 43.38 | NOTE | |||
r-devel-linux-x86_64-fedora-gcc | 0.1.0 | 41.07 | NOTE | |||
r-devel-windows-x86_64 | 0.1.0 | 4.00 | 44.00 | 48.00 | NOTE | |
r-patched-linux-x86_64 | 0.1.0 | 3.69 | 28.81 | 32.50 | NOTE | |
r-release-linux-x86_64 | 0.1.0 | 3.51 | 28.15 | 31.66 | NOTE | |
r-release-macos-arm64 | 0.1.0 | 18.00 | NOTE | |||
r-release-windows-x86_64 | 0.1.0 | 4.00 | 45.00 | 49.00 | NOTE | |
r-oldrel-macos-arm64 | 0.1.0 | 18.00 | OK | |||
r-oldrel-macos-x86_64 | 0.1.0 | 26.00 | OK | |||
r-oldrel-windows-x86_64 | 0.1.0 | 5.00 | 47.00 | 52.00 | OK |
Version: 0.1.0
Check: Rd files
Result: NOTE
checkRd: (-1) MICS2014HH.Rd:214: Lost braces in \enumerate; meant \describe ?
checkRd: (-1) MICS2014HH.Rd:215: Lost braces in \enumerate; meant \describe ?
Flavors: r-devel-linux-x86_64-debian-clang, r-devel-linux-x86_64-debian-gcc, r-devel-linux-x86_64-fedora-clang, r-devel-linux-x86_64-fedora-gcc, r-devel-windows-x86_64, r-patched-linux-x86_64, r-release-linux-x86_64, r-release-macos-arm64, r-release-windows-x86_64
Version: 0.1.0
Check: dependencies in R code
Result: NOTE
Namespace in Imports field not imported from: ‘stats’
All declared Imports should be used.
Flavors: r-devel-linux-x86_64-fedora-clang, r-devel-linux-x86_64-fedora-gcc