Last updated on 2024-05-21 02:02:15 CEST.
Flavor | Version | Tinstall | Tcheck | Ttotal | Status | Flags |
---|---|---|---|---|---|---|
r-devel-linux-x86_64-debian-clang | 0.1.1 | 24.57 | 61.88 | 86.45 | NOTE | |
r-devel-linux-x86_64-debian-gcc | 0.1.1 | 14.81 | 44.94 | 59.75 | NOTE | |
r-devel-linux-x86_64-fedora-clang | 0.1.1 | 106.50 | NOTE | |||
r-devel-linux-x86_64-fedora-gcc | 0.1.1 | 100.37 | NOTE | |||
r-devel-windows-x86_64 | 0.1.1 | 18.00 | 82.00 | 100.00 | NOTE | |
r-patched-linux-x86_64 | 0.1.1 | 19.58 | 56.78 | 76.36 | NOTE | |
r-release-linux-x86_64 | 0.1.1 | 19.65 | 57.57 | 77.22 | NOTE | |
r-release-macos-arm64 | 0.1.1 | 30.00 | NOTE | |||
r-release-windows-x86_64 | 0.1.1 | 19.00 | 81.00 | 100.00 | NOTE | |
r-oldrel-macos-arm64 | 0.1.1 | 34.00 | OK | |||
r-oldrel-macos-x86_64 | 0.1.1 | 50.00 | OK | |||
r-oldrel-windows-x86_64 | 0.1.1 | 22.00 | 93.00 | 115.00 | OK |
Version: 0.1.1
Check: Rd files
Result: NOTE
checkRd: (-1) computeCBMeasure.Rd:26: Lost braces in \itemize; meant \describe ?
checkRd: (-1) computeCBMeasure.Rd:27: Lost braces in \itemize; meant \describe ?
checkRd: (-1) computeCBMeasure.Rd:28: Lost braces in \itemize; meant \describe ?
checkRd: (-1) computeCBMeasure.Rd:29: Lost braces in \itemize; meant \describe ?
checkRd: (-1) computeCBMeasure.Rd:30: Lost braces in \itemize; meant \describe ?
checkRd: (-1) rdm.Rd:52: Lost braces in \itemize; meant \describe ?
checkRd: (-1) rdm.Rd:53: Lost braces in \itemize; meant \describe ?
checkRd: (-1) rdm.Rd:54: Lost braces in \itemize; meant \describe ?
checkRd: (-1) rdm.Rd:55: Lost braces in \itemize; meant \describe ?
checkRd: (-1) rdm.Rd:56: Lost braces in \itemize; meant \describe ?
Flavors: r-devel-linux-x86_64-debian-clang, r-devel-linux-x86_64-debian-gcc, r-devel-linux-x86_64-fedora-clang, r-devel-linux-x86_64-fedora-gcc, r-devel-windows-x86_64, r-patched-linux-x86_64, r-release-linux-x86_64, r-release-macos-arm64, r-release-windows-x86_64