Last updated on 2024-05-08 01:48:25 CEST.
Flavor | Version | Tinstall | Tcheck | Ttotal | Status | Flags |
---|---|---|---|---|---|---|
r-devel-linux-x86_64-debian-clang | 1.3.4 | 117.35 | 465.49 | 582.84 | OK | |
r-devel-linux-x86_64-debian-gcc | 1.3.4 | 85.45 | 322.30 | 407.75 | OK | |
r-devel-linux-x86_64-fedora-clang | 1.3.4 | 706.54 | NOTE | |||
r-devel-linux-x86_64-fedora-gcc | 1.3.4 | 706.66 | NOTE | |||
r-devel-windows-x86_64 | 1.3.4 | 110.00 | 420.00 | 530.00 | NOTE | |
r-patched-linux-x86_64 | 1.3.4 | 100.35 | 435.47 | 535.82 | OK | |
r-release-linux-x86_64 | 1.3.4 | 100.62 | 443.03 | 543.65 | OK | |
r-release-macos-arm64 | 1.3.4 | 256.00 | NOTE | |||
r-release-windows-x86_64 | 1.3.4 | 104.00 | 425.00 | 529.00 | NOTE | |
r-oldrel-macos-arm64 | 1.3.4 | 330.00 | NOTE | |||
r-oldrel-macos-x86_64 | 1.3.4 | 462.00 | NOTE | |||
r-oldrel-windows-x86_64 | 1.3.4 | 126.00 | 490.00 | 616.00 | NOTE |
Version: 1.3.4
Check: installed package size
Result: NOTE
installed size is 28.3Mb
sub-directories of 1Mb or more:
R 4.0Mb
exe 23.8Mb
Flavors: r-devel-linux-x86_64-fedora-clang, r-devel-windows-x86_64, r-release-macos-arm64, r-release-windows-x86_64, r-oldrel-macos-arm64, r-oldrel-macos-x86_64, r-oldrel-windows-x86_64
Version: 1.3.4
Check: dependencies in R code
Result: NOTE
Namespaces in Imports field not imported from:
‘Matrix’ ‘arules’ ‘pmml’ ‘rJava’
All declared Imports should be used.
Flavors: r-devel-linux-x86_64-fedora-clang, r-devel-linux-x86_64-fedora-gcc