Last updated on 2024-05-08 01:48:25 CEST.
Flavor | Version | Tinstall | Tcheck | Ttotal | Status | Flags |
---|---|---|---|---|---|---|
r-devel-linux-x86_64-debian-clang | 0.9.9 | 3.52 | 58.92 | 62.44 | NOTE | |
r-devel-linux-x86_64-debian-gcc | 0.9.9 | 3.37 | 43.04 | 46.41 | NOTE | |
r-devel-linux-x86_64-fedora-clang | 0.9.9 | 81.12 | NOTE | |||
r-devel-linux-x86_64-fedora-gcc | 0.9.9 | 94.23 | NOTE | |||
r-devel-windows-x86_64 | 0.9.9 | 5.00 | 61.00 | 66.00 | NOTE | |
r-patched-linux-x86_64 | 0.9.9 | 4.22 | 54.30 | 58.52 | NOTE | |
r-release-linux-x86_64 | 0.9.9 | 5.38 | 54.86 | 60.24 | NOTE | |
r-release-macos-arm64 | 0.9.9 | 32.00 | NOTE | |||
r-release-windows-x86_64 | 0.9.9 | 5.00 | 62.00 | 67.00 | NOTE | |
r-oldrel-macos-arm64 | 0.9.9 | 33.00 | NOTE | |||
r-oldrel-macos-x86_64 | 0.9.9 | 45.00 | NOTE | |||
r-oldrel-windows-x86_64 | 0.9.9 | 6.00 | 66.00 | 72.00 | NOTE |
Version: 0.9.9
Check: package subdirectories
Result: NOTE
Problems with news in ‘NEWS.md’:
No news entries found.
Flavors: r-devel-linux-x86_64-debian-clang, r-devel-linux-x86_64-debian-gcc, r-devel-linux-x86_64-fedora-clang, r-devel-linux-x86_64-fedora-gcc, r-devel-windows-x86_64, r-patched-linux-x86_64, r-release-linux-x86_64, r-release-macos-arm64, r-release-windows-x86_64, r-oldrel-macos-arm64, r-oldrel-macos-x86_64, r-oldrel-windows-x86_64