Last updated on 2025-10-31 01:49:11 CET.
| Flavor | Version | Tinstall | Tcheck | Ttotal | Status | Flags | 
|---|---|---|---|---|---|---|
| r-devel-linux-x86_64-debian-clang | 0.4.24 | 156.75 | 66.47 | 223.22 | OK | |
| r-devel-linux-x86_64-debian-gcc | 0.4.24 | 113.66 | 50.50 | 164.16 | OK | |
| r-devel-linux-x86_64-fedora-clang | 0.4.24 | 246.00 | 197.02 | 443.02 | OK | |
| r-devel-linux-x86_64-fedora-gcc | 0.4.24 | 247.00 | 172.54 | 419.54 | OK | |
| r-devel-windows-x86_64 | 0.4.24 | 348.00 | 156.00 | 504.00 | OK | |
| r-patched-linux-x86_64 | 0.4.24 | 153.91 | 62.00 | 215.91 | OK | |
| r-release-linux-x86_64 | 0.4.24 | 167.19 | 62.20 | 229.39 | OK | |
| r-release-macos-arm64 | 0.4.24 | 55.00 | 36.00 | 91.00 | OK | |
| r-release-macos-x86_64 | 0.4.24 | 69.00 | 67.00 | 136.00 | OK | |
| r-release-windows-x86_64 | 0.4.24 | 345.00 | 200.00 | 545.00 | OK | |
| r-oldrel-macos-arm64 | 0.4.24 | 72.00 | 56.00 | 128.00 | NOTE | |
| r-oldrel-macos-x86_64 | 0.4.24 | 86.00 | 130.00 | 216.00 | NOTE | |
| r-oldrel-windows-x86_64 | 0.4.24 | 301.00 | 233.00 | 534.00 | NOTE | 
Version: 0.4.24
Check: installed package size
Result: NOTE
    installed size is 33.6Mb
    sub-directories of 1Mb or more:
      libs  32.2Mb
Flavors: r-oldrel-macos-arm64, r-oldrel-macos-x86_64, r-oldrel-windows-x86_64