Last updated on 2025-11-15 02:53:12 CET.
| Flavor | Version | Tinstall | Tcheck | Ttotal | Status | Flags |
|---|---|---|---|---|---|---|
| r-devel-linux-x86_64-debian-clang | 0.2.0 | 16.66 | 126.14 | 142.80 | NOTE | |
| r-devel-linux-x86_64-debian-gcc | 0.2.0 | 11.73 | 88.87 | 100.60 | NOTE | |
| r-devel-linux-x86_64-fedora-clang | 0.2.0 | 33.00 | 189.48 | 222.48 | OK | |
| r-devel-linux-x86_64-fedora-gcc | 0.2.0 | 36.00 | 187.98 | 223.98 | OK | |
| r-devel-windows-x86_64 | 0.2.0 | 19.00 | 122.00 | 141.00 | OK | |
| r-patched-linux-x86_64 | 0.2.0 | 15.79 | 117.77 | 133.56 | OK | |
| r-release-linux-x86_64 | 0.2.0 | 14.99 | 118.52 | 133.51 | OK | |
| r-release-macos-arm64 | 0.2.0 | 6.00 | 53.00 | 59.00 | OK | |
| r-release-macos-x86_64 | 0.2.0 | 21.00 | 120.00 | 141.00 | OK | |
| r-release-windows-x86_64 | 0.2.0 | 16.00 | 120.00 | 136.00 | OK | |
| r-oldrel-macos-arm64 | 0.2.0 | 7.00 | 52.00 | 59.00 | NOTE | |
| r-oldrel-macos-x86_64 | 0.2.0 | 10.00 | 81.00 | 91.00 | NOTE | |
| r-oldrel-windows-x86_64 | 0.2.0 | 22.00 | 157.00 | 179.00 | NOTE |
Version: 0.2.0
Check: CRAN incoming feasibility
Result: NOTE
Maintainer: ‘José Matute <jmatuteflores@gmail.com>’
Package CITATION file contains call(s) to old-style personList() or
as.personList(). Please use c() on person objects instead.
Package CITATION file contains call(s) to old-style citEntry(). Please
use bibentry() instead.
Flavors: r-devel-linux-x86_64-debian-clang, r-devel-linux-x86_64-debian-gcc
Version: 0.2.0
Check: LazyData
Result: NOTE
'LazyData' is specified without a 'data' directory
Flavors: r-oldrel-macos-arm64, r-oldrel-macos-x86_64, r-oldrel-windows-x86_64